{"id":990512,"date":"2025-05-20T17:13:17","date_gmt":"2025-05-20T15:13:17","guid":{"rendered":"https:\/\/pfk.hr\/?post_type=product&#038;p=990512"},"modified":"2025-05-20T17:13:17","modified_gmt":"2025-05-20T15:13:17","slug":"razvijte-izvrsne-socijalne-vjestine","status":"publish","type":"product","link":"https:\/\/pfk.hr\/2025\/product\/razvijte-izvrsne-socijalne-vjestine\/","title":{"rendered":"Razvijte izvrsne socijalne vje\u0161tine"},"content":{"rendered":"<h3>Henrik Fexeus<\/h3>\n<p>Naklada: V.B.Z.<\/p>\n<hr \/>\n<p>Najpoznatiji svjetski mentalist i autor hita Umije\u0107e \u010ditanja misli! Henrik Fexeus, ugledni \u0161vedski stru\u010dnjak za komunikaciju, \u010dije se knjige prodaju u milijunskim nakladama, u ovom je nastavku svjetskog bestselera Umije\u0107e \u010ditanja misli objedinio svoje stru\u010dno znanje mentalista i najnovija psiholo\u0161ka istra\u017eivanja. Fexeus detaljno analizira razli\u010dite retori\u010dke strategije i predstavlja naju\u010dinkovitije tehnike za pobolj\u0161anje komunikacije i odnosa s drugim ljudima, bilo da je rije\u010d o jednoj osobi ili mno\u0161tvu ljudi (primjerice, na dru\u0161tvenim mre\u017eama). Opisuje vrstu socijalne inteligencije koja je dosad bila rezervirana samo za povla\u0161tene pojedince. Ovo je knjiga koja \u0107e svima onima koji se katkad osje\u0107aju neugodno ili neshva\u0107eno u dru\u0161tvu pomo\u0107i da i oni razviju vrhunske socijalne vje\u0161tine.<\/p>\n<p>Redovna cijena: 19,90 \u20ac<\/p>\n<p>PFK cijena: 17,00 \u20ac<\/p>\n","protected":false},"excerpt":{"rendered":"<p>Henrik Fexeus Naklada: V.B.Z. Najpoznatiji svjetski mentalist i autor hita Umije\u0107e \u010ditanja misli! Henrik Fexeus, ugledni \u0161vedski stru\u010dnjak za komunikaciju, \u010dije se knjige prodaju u milijunskim nakladama, u ovom je nastavku svjetskog bestselera Umije\u0107e \u010ditanja misli objedinio svoje stru\u010dno znanje mentalista i najnovija psiholo\u0161ka istra\u017eivanja. Fexeus detaljno analizira razli\u010dite retori\u010dke strategije i predstavlja naju\u010dinkovitije tehnike&#8230;<\/p>\n","protected":false},"featured_media":990513,"template":"","meta":{"_acf_changed":false},"product_cat":[15],"product_tag":[],"class_list":{"0":"post-990512","1":"product","2":"type-product","3":"status-publish","4":"has-post-thumbnail","6":"product_cat-uncategorized","8":"first","9":"instock","10":"shipping-taxable","11":"product-type-simple"},"acf":[],"yoast_head":"<!-- This site is optimized with the Yoast SEO plugin v22.6 - https:\/\/yoast.com\/wordpress\/plugins\/seo\/ -->\n<title>Razvijte izvrsne socijalne vje\u0161tine - Panonski festival knjige<\/title>\n<meta name=\"robots\" content=\"index, follow, max-snippet:-1, max-image-preview:large, max-video-preview:-1\" \/>\n<link rel=\"canonical\" href=\"https:\/\/pfk.hr\/2025\/product\/razvijte-izvrsne-socijalne-vjestine\/\" \/>\n<meta property=\"og:locale\" content=\"hr_HR\" \/>\n<meta property=\"og:type\" content=\"article\" \/>\n<meta property=\"og:title\" content=\"Razvijte izvrsne socijalne vje\u0161tine - Panonski festival knjige\" \/>\n<meta property=\"og:description\" content=\"Henrik Fexeus Naklada: V.B.Z. Najpoznatiji svjetski mentalist i autor hita Umije\u0107e \u010ditanja misli! Henrik Fexeus, ugledni \u0161vedski stru\u010dnjak za komunikaciju, \u010dije se knjige prodaju u milijunskim nakladama, u ovom je nastavku svjetskog bestselera Umije\u0107e \u010ditanja misli objedinio svoje stru\u010dno znanje mentalista i najnovija psiholo\u0161ka istra\u017eivanja. Fexeus detaljno analizira razli\u010dite retori\u010dke strategije i predstavlja naju\u010dinkovitije tehnike...\" \/>\n<meta property=\"og:url\" content=\"https:\/\/pfk.hr\/2025\/product\/razvijte-izvrsne-socijalne-vjestine\/\" \/>\n<meta property=\"og:site_name\" content=\"Panonski festival knjige\" \/>\n<meta property=\"og:image\" content=\"https:\/\/pfk.hr\/2025\/wp-content\/uploads\/2025\/05\/razvijte-izvrsne-socijalne-prednja.jpg\" \/>\n\t<meta property=\"og:image:width\" content=\"1654\" \/>\n\t<meta property=\"og:image:height\" content=\"2363\" \/>\n\t<meta property=\"og:image:type\" content=\"image\/jpeg\" \/>\n<meta name=\"twitter:card\" content=\"summary_large_image\" \/>\n<meta name=\"twitter:label1\" content=\"Procijenjeno vrijeme \u010ditanja\" \/>\n\t<meta name=\"twitter:data1\" content=\"1 minuta\" \/>\n<script type=\"application\/ld+json\" class=\"yoast-schema-graph\">{\"@context\":\"https:\/\/schema.org\",\"@graph\":[{\"@type\":\"WebPage\",\"@id\":\"https:\/\/pfk.hr\/2025\/product\/razvijte-izvrsne-socijalne-vjestine\/\",\"url\":\"https:\/\/pfk.hr\/2025\/product\/razvijte-izvrsne-socijalne-vjestine\/\",\"name\":\"Razvijte izvrsne socijalne vje\u0161tine - Panonski festival knjige\",\"isPartOf\":{\"@id\":\"https:\/\/pfk.hr\/2025\/#website\"},\"primaryImageOfPage\":{\"@id\":\"https:\/\/pfk.hr\/2025\/product\/razvijte-izvrsne-socijalne-vjestine\/#primaryimage\"},\"image\":{\"@id\":\"https:\/\/pfk.hr\/2025\/product\/razvijte-izvrsne-socijalne-vjestine\/#primaryimage\"},\"thumbnailUrl\":\"https:\/\/pfk.hr\/2025\/wp-content\/uploads\/2025\/05\/razvijte-izvrsne-socijalne-prednja.jpg\",\"datePublished\":\"2025-05-20T15:13:17+00:00\",\"dateModified\":\"2025-05-20T15:13:17+00:00\",\"breadcrumb\":{\"@id\":\"https:\/\/pfk.hr\/2025\/product\/razvijte-izvrsne-socijalne-vjestine\/#breadcrumb\"},\"inLanguage\":\"hr\",\"potentialAction\":[{\"@type\":\"ReadAction\",\"target\":[\"https:\/\/pfk.hr\/2025\/product\/razvijte-izvrsne-socijalne-vjestine\/\"]}]},{\"@type\":\"ImageObject\",\"inLanguage\":\"hr\",\"@id\":\"https:\/\/pfk.hr\/2025\/product\/razvijte-izvrsne-socijalne-vjestine\/#primaryimage\",\"url\":\"https:\/\/pfk.hr\/2025\/wp-content\/uploads\/2025\/05\/razvijte-izvrsne-socijalne-prednja.jpg\",\"contentUrl\":\"https:\/\/pfk.hr\/2025\/wp-content\/uploads\/2025\/05\/razvijte-izvrsne-socijalne-prednja.jpg\",\"width\":1654,\"height\":2363},{\"@type\":\"BreadcrumbList\",\"@id\":\"https:\/\/pfk.hr\/2025\/product\/razvijte-izvrsne-socijalne-vjestine\/#breadcrumb\",\"itemListElement\":[{\"@type\":\"ListItem\",\"position\":1,\"name\":\"Po\u010detna stranica\",\"item\":\"https:\/\/pfk.hr\/2025\/\"},{\"@type\":\"ListItem\",\"position\":2,\"name\":\"Preporuka naslova\",\"item\":\"https:\/\/pfk.hr\/2025\/preporuka-naslova\/\"},{\"@type\":\"ListItem\",\"position\":3,\"name\":\"Razvijte izvrsne socijalne vje\u0161tine\"}]},{\"@type\":\"WebSite\",\"@id\":\"https:\/\/pfk.hr\/2025\/#website\",\"url\":\"https:\/\/pfk.hr\/2025\/\",\"name\":\"Panonski festival knjige\",\"description\":\"\u010cITAJ, LEGA, \u010cITAJ!\",\"potentialAction\":[{\"@type\":\"SearchAction\",\"target\":{\"@type\":\"EntryPoint\",\"urlTemplate\":\"https:\/\/pfk.hr\/2025\/?s={search_term_string}\"},\"query-input\":\"required name=search_term_string\"}],\"inLanguage\":\"hr\"}]}<\/script>\n<!-- \/ Yoast SEO plugin. -->","yoast_head_json":{"title":"Razvijte izvrsne socijalne vje\u0161tine - Panonski festival knjige","robots":{"index":"index","follow":"follow","max-snippet":"max-snippet:-1","max-image-preview":"max-image-preview:large","max-video-preview":"max-video-preview:-1"},"canonical":"https:\/\/pfk.hr\/2025\/product\/razvijte-izvrsne-socijalne-vjestine\/","og_locale":"hr_HR","og_type":"article","og_title":"Razvijte izvrsne socijalne vje\u0161tine - Panonski festival knjige","og_description":"Henrik Fexeus Naklada: V.B.Z. Najpoznatiji svjetski mentalist i autor hita Umije\u0107e \u010ditanja misli! Henrik Fexeus, ugledni \u0161vedski stru\u010dnjak za komunikaciju, \u010dije se knjige prodaju u milijunskim nakladama, u ovom je nastavku svjetskog bestselera Umije\u0107e \u010ditanja misli objedinio svoje stru\u010dno znanje mentalista i najnovija psiholo\u0161ka istra\u017eivanja. Fexeus detaljno analizira razli\u010dite retori\u010dke strategije i predstavlja naju\u010dinkovitije tehnike...","og_url":"https:\/\/pfk.hr\/2025\/product\/razvijte-izvrsne-socijalne-vjestine\/","og_site_name":"Panonski festival knjige","og_image":[{"width":1654,"height":2363,"url":"https:\/\/pfk.hr\/2025\/wp-content\/uploads\/2025\/05\/razvijte-izvrsne-socijalne-prednja.jpg","type":"image\/jpeg"}],"twitter_card":"summary_large_image","twitter_misc":{"Procijenjeno vrijeme \u010ditanja":"1 minuta"},"schema":{"@context":"https:\/\/schema.org","@graph":[{"@type":"WebPage","@id":"https:\/\/pfk.hr\/2025\/product\/razvijte-izvrsne-socijalne-vjestine\/","url":"https:\/\/pfk.hr\/2025\/product\/razvijte-izvrsne-socijalne-vjestine\/","name":"Razvijte izvrsne socijalne vje\u0161tine - Panonski festival knjige","isPartOf":{"@id":"https:\/\/pfk.hr\/2025\/#website"},"primaryImageOfPage":{"@id":"https:\/\/pfk.hr\/2025\/product\/razvijte-izvrsne-socijalne-vjestine\/#primaryimage"},"image":{"@id":"https:\/\/pfk.hr\/2025\/product\/razvijte-izvrsne-socijalne-vjestine\/#primaryimage"},"thumbnailUrl":"https:\/\/pfk.hr\/2025\/wp-content\/uploads\/2025\/05\/razvijte-izvrsne-socijalne-prednja.jpg","datePublished":"2025-05-20T15:13:17+00:00","dateModified":"2025-05-20T15:13:17+00:00","breadcrumb":{"@id":"https:\/\/pfk.hr\/2025\/product\/razvijte-izvrsne-socijalne-vjestine\/#breadcrumb"},"inLanguage":"hr","potentialAction":[{"@type":"ReadAction","target":["https:\/\/pfk.hr\/2025\/product\/razvijte-izvrsne-socijalne-vjestine\/"]}]},{"@type":"ImageObject","inLanguage":"hr","@id":"https:\/\/pfk.hr\/2025\/product\/razvijte-izvrsne-socijalne-vjestine\/#primaryimage","url":"https:\/\/pfk.hr\/2025\/wp-content\/uploads\/2025\/05\/razvijte-izvrsne-socijalne-prednja.jpg","contentUrl":"https:\/\/pfk.hr\/2025\/wp-content\/uploads\/2025\/05\/razvijte-izvrsne-socijalne-prednja.jpg","width":1654,"height":2363},{"@type":"BreadcrumbList","@id":"https:\/\/pfk.hr\/2025\/product\/razvijte-izvrsne-socijalne-vjestine\/#breadcrumb","itemListElement":[{"@type":"ListItem","position":1,"name":"Po\u010detna stranica","item":"https:\/\/pfk.hr\/2025\/"},{"@type":"ListItem","position":2,"name":"Preporuka naslova","item":"https:\/\/pfk.hr\/2025\/preporuka-naslova\/"},{"@type":"ListItem","position":3,"name":"Razvijte izvrsne socijalne vje\u0161tine"}]},{"@type":"WebSite","@id":"https:\/\/pfk.hr\/2025\/#website","url":"https:\/\/pfk.hr\/2025\/","name":"Panonski festival knjige","description":"\u010cITAJ, LEGA, \u010cITAJ!","potentialAction":[{"@type":"SearchAction","target":{"@type":"EntryPoint","urlTemplate":"https:\/\/pfk.hr\/2025\/?s={search_term_string}"},"query-input":"required name=search_term_string"}],"inLanguage":"hr"}]}},"_links":{"self":[{"href":"https:\/\/pfk.hr\/2025\/wp-json\/wp\/v2\/product\/990512","targetHints":{"allow":["GET"]}}],"collection":[{"href":"https:\/\/pfk.hr\/2025\/wp-json\/wp\/v2\/product"}],"about":[{"href":"https:\/\/pfk.hr\/2025\/wp-json\/wp\/v2\/types\/product"}],"wp:featuredmedia":[{"embeddable":true,"href":"https:\/\/pfk.hr\/2025\/wp-json\/wp\/v2\/media\/990513"}],"wp:attachment":[{"href":"https:\/\/pfk.hr\/2025\/wp-json\/wp\/v2\/media?parent=990512"}],"wp:term":[{"taxonomy":"product_cat","embeddable":true,"href":"https:\/\/pfk.hr\/2025\/wp-json\/wp\/v2\/product_cat?post=990512"},{"taxonomy":"product_tag","embeddable":true,"href":"https:\/\/pfk.hr\/2025\/wp-json\/wp\/v2\/product_tag?post=990512"}],"curies":[{"name":"wp","href":"https:\/\/api.w.org\/{rel}","templated":true}]}}