{"id":989939,"date":"2024-05-20T12:04:49","date_gmt":"2024-05-20T10:04:49","guid":{"rendered":"https:\/\/pfk.hr\/?post_type=product&#038;p=989939"},"modified":"2024-05-20T12:04:50","modified_gmt":"2024-05-20T10:04:50","slug":"nada","status":"publish","type":"product","link":"https:\/\/pfk.hr\/2024\/product\/nada\/","title":{"rendered":"Nada"},"content":{"rendered":"<p><strong>Ante Tomi\u0107<br \/>\n<\/strong>Naklada: Hena<\/p>\n<hr \/>\n<p>Na po\u010detku bija\u0161e brodolom iz kojeg je jedan mladi\u0107 jedva izvukao \u017eivu glavu nasukav\u0161i se na obali oto\u010dnog mjesta\u0161ca poznatog po za\u0161titnici svetoj Margareti, zadu\u017eenoj za \u010dudotvorno pove\u0107anje nataliteta. Ali ovdje su se onda i druga \u010duda dogodila, \u0161to u romanima Ante Tomi\u0107a nije prvi put. Neki su se parovi \u010dudom mirili, drugi \u010dudom razdvajali, tre\u0107i neo\u010dekivano smuvali, \u010detvrti demantirali sve \u0161to smo o njima mislili. No ni to nije sve. \u0106evapi su od nejestivih postajali sveti gral ro\u0161tilja, zatvorske \u0107elije apartmani bez zvjezdica, magarci su ogla\u0161avali seksualne aktivnosti, Srbi i Hrvati dijelili postelju, Aco Stankovi\u0107 pojavio se na smokvi umjesto na televiziji, a jedno je ubojstvo stornirano nakon \u0161to je \u017ertva prona\u0111ena jo\u0161 zaljubljenija.<\/p>\n<p>Redovna cijena: 19.90 \u20ac<\/p>\n<p>PFK cijena: 15.99 \u20ac<\/p>\n","protected":false},"excerpt":{"rendered":"<p>Ante Tomi\u0107 Naklada: Hena Na po\u010detku bija\u0161e brodolom iz kojeg je jedan mladi\u0107 jedva izvukao \u017eivu glavu nasukav\u0161i se na obali oto\u010dnog mjesta\u0161ca poznatog po za\u0161titnici svetoj Margareti, zadu\u017eenoj za \u010dudotvorno pove\u0107anje nataliteta. Ali ovdje su se onda i druga \u010duda dogodila, \u0161to u romanima Ante Tomi\u0107a nije prvi put. Neki su se parovi \u010dudom&#8230;<\/p>\n","protected":false},"featured_media":989940,"template":"","meta":{"_acf_changed":false},"product_cat":[15],"product_tag":[],"class_list":{"0":"post-989939","1":"product","2":"type-product","3":"status-publish","4":"has-post-thumbnail","6":"product_cat-uncategorized","8":"first","9":"instock","10":"shipping-taxable","11":"product-type-simple"},"acf":[],"yoast_head":"<!-- This site is optimized with the Yoast SEO plugin v22.6 - https:\/\/yoast.com\/wordpress\/plugins\/seo\/ -->\n<title>Nada - Panonski festival knjige<\/title>\n<meta name=\"robots\" content=\"index, follow, max-snippet:-1, max-image-preview:large, max-video-preview:-1\" \/>\n<link rel=\"canonical\" href=\"https:\/\/pfk.hr\/2024\/product\/nada\/\" \/>\n<meta property=\"og:locale\" content=\"hr_HR\" \/>\n<meta property=\"og:type\" content=\"article\" \/>\n<meta property=\"og:title\" content=\"Nada - Panonski festival knjige\" \/>\n<meta property=\"og:description\" content=\"Ante Tomi\u0107 Naklada: Hena Na po\u010detku bija\u0161e brodolom iz kojeg je jedan mladi\u0107 jedva izvukao \u017eivu glavu nasukav\u0161i se na obali oto\u010dnog mjesta\u0161ca poznatog po za\u0161titnici svetoj Margareti, zadu\u017eenoj za \u010dudotvorno pove\u0107anje nataliteta. Ali ovdje su se onda i druga \u010duda dogodila, \u0161to u romanima Ante Tomi\u0107a nije prvi put. Neki su se parovi \u010dudom...\" \/>\n<meta property=\"og:url\" content=\"https:\/\/pfk.hr\/2024\/product\/nada\/\" \/>\n<meta property=\"og:site_name\" content=\"Panonski festival knjige\" \/>\n<meta property=\"article:modified_time\" content=\"2024-05-20T10:04:50+00:00\" \/>\n<meta property=\"og:image\" content=\"https:\/\/pfk.hr\/2024\/wp-content\/uploads\/2024\/05\/nada300.jpg\" \/>\n\t<meta property=\"og:image:width\" content=\"1642\" \/>\n\t<meta property=\"og:image:height\" content=\"2528\" \/>\n\t<meta property=\"og:image:type\" content=\"image\/jpeg\" \/>\n<meta name=\"twitter:card\" content=\"summary_large_image\" \/>\n<meta name=\"twitter:label1\" content=\"Procijenjeno vrijeme \u010ditanja\" \/>\n\t<meta name=\"twitter:data1\" content=\"1 minuta\" \/>\n<script type=\"application\/ld+json\" class=\"yoast-schema-graph\">{\"@context\":\"https:\/\/schema.org\",\"@graph\":[{\"@type\":\"WebPage\",\"@id\":\"https:\/\/pfk.hr\/2024\/product\/nada\/\",\"url\":\"https:\/\/pfk.hr\/2024\/product\/nada\/\",\"name\":\"Nada - Panonski festival knjige\",\"isPartOf\":{\"@id\":\"https:\/\/pfk.hr\/2024\/#website\"},\"primaryImageOfPage\":{\"@id\":\"https:\/\/pfk.hr\/2024\/product\/nada\/#primaryimage\"},\"image\":{\"@id\":\"https:\/\/pfk.hr\/2024\/product\/nada\/#primaryimage\"},\"thumbnailUrl\":\"https:\/\/pfk.hr\/2024\/wp-content\/uploads\/2024\/05\/nada300.jpg\",\"datePublished\":\"2024-05-20T10:04:49+00:00\",\"dateModified\":\"2024-05-20T10:04:50+00:00\",\"breadcrumb\":{\"@id\":\"https:\/\/pfk.hr\/2024\/product\/nada\/#breadcrumb\"},\"inLanguage\":\"hr\",\"potentialAction\":[{\"@type\":\"ReadAction\",\"target\":[\"https:\/\/pfk.hr\/2024\/product\/nada\/\"]}]},{\"@type\":\"ImageObject\",\"inLanguage\":\"hr\",\"@id\":\"https:\/\/pfk.hr\/2024\/product\/nada\/#primaryimage\",\"url\":\"https:\/\/pfk.hr\/2024\/wp-content\/uploads\/2024\/05\/nada300.jpg\",\"contentUrl\":\"https:\/\/pfk.hr\/2024\/wp-content\/uploads\/2024\/05\/nada300.jpg\",\"width\":1642,\"height\":2528},{\"@type\":\"BreadcrumbList\",\"@id\":\"https:\/\/pfk.hr\/2024\/product\/nada\/#breadcrumb\",\"itemListElement\":[{\"@type\":\"ListItem\",\"position\":1,\"name\":\"Po\u010detna stranica\",\"item\":\"https:\/\/pfk.hr\/2024\/\"},{\"@type\":\"ListItem\",\"position\":2,\"name\":\"Preporuka naslova\",\"item\":\"https:\/\/pfk.hr\/2024\/preporuka-naslova\/\"},{\"@type\":\"ListItem\",\"position\":3,\"name\":\"Nada\"}]},{\"@type\":\"WebSite\",\"@id\":\"https:\/\/pfk.hr\/2024\/#website\",\"url\":\"https:\/\/pfk.hr\/2024\/\",\"name\":\"Panonski festival knjige\",\"description\":\"\u010cITAJ, LEGA, \u010cITAJ!\",\"potentialAction\":[{\"@type\":\"SearchAction\",\"target\":{\"@type\":\"EntryPoint\",\"urlTemplate\":\"https:\/\/pfk.hr\/2024\/?s={search_term_string}\"},\"query-input\":\"required name=search_term_string\"}],\"inLanguage\":\"hr\"}]}<\/script>\n<!-- \/ Yoast SEO plugin. -->","yoast_head_json":{"title":"Nada - Panonski festival knjige","robots":{"index":"index","follow":"follow","max-snippet":"max-snippet:-1","max-image-preview":"max-image-preview:large","max-video-preview":"max-video-preview:-1"},"canonical":"https:\/\/pfk.hr\/2024\/product\/nada\/","og_locale":"hr_HR","og_type":"article","og_title":"Nada - Panonski festival knjige","og_description":"Ante Tomi\u0107 Naklada: Hena Na po\u010detku bija\u0161e brodolom iz kojeg je jedan mladi\u0107 jedva izvukao \u017eivu glavu nasukav\u0161i se na obali oto\u010dnog mjesta\u0161ca poznatog po za\u0161titnici svetoj Margareti, zadu\u017eenoj za \u010dudotvorno pove\u0107anje nataliteta. Ali ovdje su se onda i druga \u010duda dogodila, \u0161to u romanima Ante Tomi\u0107a nije prvi put. Neki su se parovi \u010dudom...","og_url":"https:\/\/pfk.hr\/2024\/product\/nada\/","og_site_name":"Panonski festival knjige","article_modified_time":"2024-05-20T10:04:50+00:00","og_image":[{"width":1642,"height":2528,"url":"https:\/\/pfk.hr\/2024\/wp-content\/uploads\/2024\/05\/nada300.jpg","type":"image\/jpeg"}],"twitter_card":"summary_large_image","twitter_misc":{"Procijenjeno vrijeme \u010ditanja":"1 minuta"},"schema":{"@context":"https:\/\/schema.org","@graph":[{"@type":"WebPage","@id":"https:\/\/pfk.hr\/2024\/product\/nada\/","url":"https:\/\/pfk.hr\/2024\/product\/nada\/","name":"Nada - Panonski festival knjige","isPartOf":{"@id":"https:\/\/pfk.hr\/2024\/#website"},"primaryImageOfPage":{"@id":"https:\/\/pfk.hr\/2024\/product\/nada\/#primaryimage"},"image":{"@id":"https:\/\/pfk.hr\/2024\/product\/nada\/#primaryimage"},"thumbnailUrl":"https:\/\/pfk.hr\/2024\/wp-content\/uploads\/2024\/05\/nada300.jpg","datePublished":"2024-05-20T10:04:49+00:00","dateModified":"2024-05-20T10:04:50+00:00","breadcrumb":{"@id":"https:\/\/pfk.hr\/2024\/product\/nada\/#breadcrumb"},"inLanguage":"hr","potentialAction":[{"@type":"ReadAction","target":["https:\/\/pfk.hr\/2024\/product\/nada\/"]}]},{"@type":"ImageObject","inLanguage":"hr","@id":"https:\/\/pfk.hr\/2024\/product\/nada\/#primaryimage","url":"https:\/\/pfk.hr\/2024\/wp-content\/uploads\/2024\/05\/nada300.jpg","contentUrl":"https:\/\/pfk.hr\/2024\/wp-content\/uploads\/2024\/05\/nada300.jpg","width":1642,"height":2528},{"@type":"BreadcrumbList","@id":"https:\/\/pfk.hr\/2024\/product\/nada\/#breadcrumb","itemListElement":[{"@type":"ListItem","position":1,"name":"Po\u010detna stranica","item":"https:\/\/pfk.hr\/2024\/"},{"@type":"ListItem","position":2,"name":"Preporuka naslova","item":"https:\/\/pfk.hr\/2024\/preporuka-naslova\/"},{"@type":"ListItem","position":3,"name":"Nada"}]},{"@type":"WebSite","@id":"https:\/\/pfk.hr\/2024\/#website","url":"https:\/\/pfk.hr\/2024\/","name":"Panonski festival knjige","description":"\u010cITAJ, LEGA, \u010cITAJ!","potentialAction":[{"@type":"SearchAction","target":{"@type":"EntryPoint","urlTemplate":"https:\/\/pfk.hr\/2024\/?s={search_term_string}"},"query-input":"required name=search_term_string"}],"inLanguage":"hr"}]}},"_links":{"self":[{"href":"https:\/\/pfk.hr\/2024\/wp-json\/wp\/v2\/product\/989939","targetHints":{"allow":["GET"]}}],"collection":[{"href":"https:\/\/pfk.hr\/2024\/wp-json\/wp\/v2\/product"}],"about":[{"href":"https:\/\/pfk.hr\/2024\/wp-json\/wp\/v2\/types\/product"}],"wp:featuredmedia":[{"embeddable":true,"href":"https:\/\/pfk.hr\/2024\/wp-json\/wp\/v2\/media\/989940"}],"wp:attachment":[{"href":"https:\/\/pfk.hr\/2024\/wp-json\/wp\/v2\/media?parent=989939"}],"wp:term":[{"taxonomy":"product_cat","embeddable":true,"href":"https:\/\/pfk.hr\/2024\/wp-json\/wp\/v2\/product_cat?post=989939"},{"taxonomy":"product_tag","embeddable":true,"href":"https:\/\/pfk.hr\/2024\/wp-json\/wp\/v2\/product_tag?post=989939"}],"curies":[{"name":"wp","href":"https:\/\/api.w.org\/{rel}","templated":true}]}}