{"id":989825,"date":"2024-05-14T18:06:25","date_gmt":"2024-05-14T16:06:25","guid":{"rendered":"https:\/\/pfk.hr\/?post_type=product&#038;p=989825"},"modified":"2024-05-14T18:06:26","modified_gmt":"2024-05-14T16:06:26","slug":"plavusa","status":"publish","type":"product","link":"https:\/\/pfk.hr\/2024\/product\/plavusa\/","title":{"rendered":"Plavu\u0161a"},"content":{"rendered":"<p><strong>Joyce Carol Oates<\/strong><\/p>\n<p>Naklada: Vorto Palabra<\/p>\n<hr \/>\n<p>Jedna od najcjenjenijih ameri\u010dkih spisateljica dana\u0161njice u ovom je romanu hrabro osmislila jednu od najdugovje\u010dnijih ameri\u010dkih ikona koju je svijet upoznao kao Marilyn Monroe. Dramati\u010dna, provokativna i uznemiruju\u0107e sugestivna, &#8220;Plavu\u0161a&#8221; je jednako bombasti\u010dna kao i njezina legendarna protagonistica. Emotivno vrlo sna\u017enim, iznena\u0111uju\u0107e intimnim i bogatim glasom, Oates u &#8220;Plavu\u0161i&#8221; donosi upe\u010datljiv i dirljiv portret mitske zvijezde i dru\u0161tva koje ju je stvorilo i iznevjerilo. Organiziran u dijelove koji odgovaraju fazama Monroeina \u017eivota, roman do\u010darava tu\u017ene okolnosti odrastanja Norme Jeane Baker, \u0161tetu koju je nanijela nestabilna majka i odsustvo nepoznatog oca, mu\u010dne godine u siroti\u0161tu i izdaju u udomiteljskoj obitelji.<br \/>\nOpisuje njezin trnoviti put do slave, prenosi sr\u017e Monroeina tri braka i vjerodostojno utvr\u0111uje njezinu nezasitnu potrebu za sigurno\u0161\u0107u i ljubavlju. U svojem vjerojatno najambicioznijem djelu, Oates je prikazala kulturu hipnotiziranu vlastitim mitovima i razorne u\u010dinke tih mitova na najve\u0107u zvijezdu Hollywooda.<\/p>\n<p>Redovna cijena: 22.00 \u20ac<\/p>\n<p>PFK cijena: 19.00 \u20ac<\/p>\n","protected":false},"excerpt":{"rendered":"<p>Joyce Carol Oates Naklada: Vorto Palabra Jedna od najcjenjenijih ameri\u010dkih spisateljica dana\u0161njice u ovom je romanu hrabro osmislila jednu od najdugovje\u010dnijih ameri\u010dkih ikona koju je svijet upoznao kao Marilyn Monroe. Dramati\u010dna, provokativna i uznemiruju\u0107e sugestivna, &#8220;Plavu\u0161a&#8221; je jednako bombasti\u010dna kao i njezina legendarna protagonistica. Emotivno vrlo sna\u017enim, iznena\u0111uju\u0107e intimnim i bogatim glasom, Oates u &#8220;Plavu\u0161i&#8221;&#8230;<\/p>\n","protected":false},"featured_media":989826,"template":"","meta":{"_acf_changed":false},"product_cat":[15],"product_tag":[],"class_list":{"0":"post-989825","1":"product","2":"type-product","3":"status-publish","4":"has-post-thumbnail","6":"product_cat-uncategorized","8":"first","9":"instock","10":"shipping-taxable","11":"product-type-simple"},"acf":[],"yoast_head":"<!-- This site is optimized with the Yoast SEO plugin v22.6 - https:\/\/yoast.com\/wordpress\/plugins\/seo\/ -->\n<title>Plavu\u0161a - Panonski festival knjige<\/title>\n<meta name=\"robots\" content=\"index, follow, max-snippet:-1, max-image-preview:large, max-video-preview:-1\" \/>\n<link rel=\"canonical\" href=\"https:\/\/pfk.hr\/2024\/product\/plavusa\/\" \/>\n<meta property=\"og:locale\" content=\"hr_HR\" \/>\n<meta property=\"og:type\" content=\"article\" \/>\n<meta property=\"og:title\" content=\"Plavu\u0161a - Panonski festival knjige\" \/>\n<meta property=\"og:description\" content=\"Joyce Carol Oates Naklada: Vorto Palabra Jedna od najcjenjenijih ameri\u010dkih spisateljica dana\u0161njice u ovom je romanu hrabro osmislila jednu od najdugovje\u010dnijih ameri\u010dkih ikona koju je svijet upoznao kao Marilyn Monroe. Dramati\u010dna, provokativna i uznemiruju\u0107e sugestivna, &#8220;Plavu\u0161a&#8221; je jednako bombasti\u010dna kao i njezina legendarna protagonistica. Emotivno vrlo sna\u017enim, iznena\u0111uju\u0107e intimnim i bogatim glasom, Oates u &#8220;Plavu\u0161i&#8221;...\" \/>\n<meta property=\"og:url\" content=\"https:\/\/pfk.hr\/2024\/product\/plavusa\/\" \/>\n<meta property=\"og:site_name\" content=\"Panonski festival knjige\" \/>\n<meta property=\"article:modified_time\" content=\"2024-05-14T16:06:26+00:00\" \/>\n<meta property=\"og:image\" content=\"https:\/\/pfk.hr\/2024\/wp-content\/uploads\/2024\/05\/PLAVUSA.jpg\" \/>\n\t<meta property=\"og:image:width\" content=\"501\" \/>\n\t<meta property=\"og:image:height\" content=\"792\" \/>\n\t<meta property=\"og:image:type\" content=\"image\/jpeg\" \/>\n<meta name=\"twitter:card\" content=\"summary_large_image\" \/>\n<meta name=\"twitter:label1\" content=\"Procijenjeno vrijeme \u010ditanja\" \/>\n\t<meta name=\"twitter:data1\" content=\"2 minute\" \/>\n<script type=\"application\/ld+json\" class=\"yoast-schema-graph\">{\"@context\":\"https:\/\/schema.org\",\"@graph\":[{\"@type\":\"WebPage\",\"@id\":\"https:\/\/pfk.hr\/2024\/product\/plavusa\/\",\"url\":\"https:\/\/pfk.hr\/2024\/product\/plavusa\/\",\"name\":\"Plavu\u0161a - Panonski festival knjige\",\"isPartOf\":{\"@id\":\"https:\/\/pfk.hr\/2024\/#website\"},\"primaryImageOfPage\":{\"@id\":\"https:\/\/pfk.hr\/2024\/product\/plavusa\/#primaryimage\"},\"image\":{\"@id\":\"https:\/\/pfk.hr\/2024\/product\/plavusa\/#primaryimage\"},\"thumbnailUrl\":\"https:\/\/pfk.hr\/2024\/wp-content\/uploads\/2024\/05\/PLAVUSA.jpg\",\"datePublished\":\"2024-05-14T16:06:25+00:00\",\"dateModified\":\"2024-05-14T16:06:26+00:00\",\"breadcrumb\":{\"@id\":\"https:\/\/pfk.hr\/2024\/product\/plavusa\/#breadcrumb\"},\"inLanguage\":\"hr\",\"potentialAction\":[{\"@type\":\"ReadAction\",\"target\":[\"https:\/\/pfk.hr\/2024\/product\/plavusa\/\"]}]},{\"@type\":\"ImageObject\",\"inLanguage\":\"hr\",\"@id\":\"https:\/\/pfk.hr\/2024\/product\/plavusa\/#primaryimage\",\"url\":\"https:\/\/pfk.hr\/2024\/wp-content\/uploads\/2024\/05\/PLAVUSA.jpg\",\"contentUrl\":\"https:\/\/pfk.hr\/2024\/wp-content\/uploads\/2024\/05\/PLAVUSA.jpg\",\"width\":501,\"height\":792},{\"@type\":\"BreadcrumbList\",\"@id\":\"https:\/\/pfk.hr\/2024\/product\/plavusa\/#breadcrumb\",\"itemListElement\":[{\"@type\":\"ListItem\",\"position\":1,\"name\":\"Po\u010detna stranica\",\"item\":\"https:\/\/pfk.hr\/2024\/\"},{\"@type\":\"ListItem\",\"position\":2,\"name\":\"Preporuka naslova\",\"item\":\"https:\/\/pfk.hr\/2024\/preporuka-naslova\/\"},{\"@type\":\"ListItem\",\"position\":3,\"name\":\"Plavu\u0161a\"}]},{\"@type\":\"WebSite\",\"@id\":\"https:\/\/pfk.hr\/2024\/#website\",\"url\":\"https:\/\/pfk.hr\/2024\/\",\"name\":\"Panonski festival knjige\",\"description\":\"\u010cITAJ, LEGA, \u010cITAJ!\",\"potentialAction\":[{\"@type\":\"SearchAction\",\"target\":{\"@type\":\"EntryPoint\",\"urlTemplate\":\"https:\/\/pfk.hr\/2024\/?s={search_term_string}\"},\"query-input\":\"required name=search_term_string\"}],\"inLanguage\":\"hr\"}]}<\/script>\n<!-- \/ Yoast SEO plugin. -->","yoast_head_json":{"title":"Plavu\u0161a - Panonski festival knjige","robots":{"index":"index","follow":"follow","max-snippet":"max-snippet:-1","max-image-preview":"max-image-preview:large","max-video-preview":"max-video-preview:-1"},"canonical":"https:\/\/pfk.hr\/2024\/product\/plavusa\/","og_locale":"hr_HR","og_type":"article","og_title":"Plavu\u0161a - Panonski festival knjige","og_description":"Joyce Carol Oates Naklada: Vorto Palabra Jedna od najcjenjenijih ameri\u010dkih spisateljica dana\u0161njice u ovom je romanu hrabro osmislila jednu od najdugovje\u010dnijih ameri\u010dkih ikona koju je svijet upoznao kao Marilyn Monroe. Dramati\u010dna, provokativna i uznemiruju\u0107e sugestivna, &#8220;Plavu\u0161a&#8221; je jednako bombasti\u010dna kao i njezina legendarna protagonistica. Emotivno vrlo sna\u017enim, iznena\u0111uju\u0107e intimnim i bogatim glasom, Oates u &#8220;Plavu\u0161i&#8221;...","og_url":"https:\/\/pfk.hr\/2024\/product\/plavusa\/","og_site_name":"Panonski festival knjige","article_modified_time":"2024-05-14T16:06:26+00:00","og_image":[{"width":501,"height":792,"url":"https:\/\/pfk.hr\/2024\/wp-content\/uploads\/2024\/05\/PLAVUSA.jpg","type":"image\/jpeg"}],"twitter_card":"summary_large_image","twitter_misc":{"Procijenjeno vrijeme \u010ditanja":"2 minute"},"schema":{"@context":"https:\/\/schema.org","@graph":[{"@type":"WebPage","@id":"https:\/\/pfk.hr\/2024\/product\/plavusa\/","url":"https:\/\/pfk.hr\/2024\/product\/plavusa\/","name":"Plavu\u0161a - Panonski festival knjige","isPartOf":{"@id":"https:\/\/pfk.hr\/2024\/#website"},"primaryImageOfPage":{"@id":"https:\/\/pfk.hr\/2024\/product\/plavusa\/#primaryimage"},"image":{"@id":"https:\/\/pfk.hr\/2024\/product\/plavusa\/#primaryimage"},"thumbnailUrl":"https:\/\/pfk.hr\/2024\/wp-content\/uploads\/2024\/05\/PLAVUSA.jpg","datePublished":"2024-05-14T16:06:25+00:00","dateModified":"2024-05-14T16:06:26+00:00","breadcrumb":{"@id":"https:\/\/pfk.hr\/2024\/product\/plavusa\/#breadcrumb"},"inLanguage":"hr","potentialAction":[{"@type":"ReadAction","target":["https:\/\/pfk.hr\/2024\/product\/plavusa\/"]}]},{"@type":"ImageObject","inLanguage":"hr","@id":"https:\/\/pfk.hr\/2024\/product\/plavusa\/#primaryimage","url":"https:\/\/pfk.hr\/2024\/wp-content\/uploads\/2024\/05\/PLAVUSA.jpg","contentUrl":"https:\/\/pfk.hr\/2024\/wp-content\/uploads\/2024\/05\/PLAVUSA.jpg","width":501,"height":792},{"@type":"BreadcrumbList","@id":"https:\/\/pfk.hr\/2024\/product\/plavusa\/#breadcrumb","itemListElement":[{"@type":"ListItem","position":1,"name":"Po\u010detna stranica","item":"https:\/\/pfk.hr\/2024\/"},{"@type":"ListItem","position":2,"name":"Preporuka naslova","item":"https:\/\/pfk.hr\/2024\/preporuka-naslova\/"},{"@type":"ListItem","position":3,"name":"Plavu\u0161a"}]},{"@type":"WebSite","@id":"https:\/\/pfk.hr\/2024\/#website","url":"https:\/\/pfk.hr\/2024\/","name":"Panonski festival knjige","description":"\u010cITAJ, LEGA, \u010cITAJ!","potentialAction":[{"@type":"SearchAction","target":{"@type":"EntryPoint","urlTemplate":"https:\/\/pfk.hr\/2024\/?s={search_term_string}"},"query-input":"required name=search_term_string"}],"inLanguage":"hr"}]}},"_links":{"self":[{"href":"https:\/\/pfk.hr\/2024\/wp-json\/wp\/v2\/product\/989825","targetHints":{"allow":["GET"]}}],"collection":[{"href":"https:\/\/pfk.hr\/2024\/wp-json\/wp\/v2\/product"}],"about":[{"href":"https:\/\/pfk.hr\/2024\/wp-json\/wp\/v2\/types\/product"}],"wp:featuredmedia":[{"embeddable":true,"href":"https:\/\/pfk.hr\/2024\/wp-json\/wp\/v2\/media\/989826"}],"wp:attachment":[{"href":"https:\/\/pfk.hr\/2024\/wp-json\/wp\/v2\/media?parent=989825"}],"wp:term":[{"taxonomy":"product_cat","embeddable":true,"href":"https:\/\/pfk.hr\/2024\/wp-json\/wp\/v2\/product_cat?post=989825"},{"taxonomy":"product_tag","embeddable":true,"href":"https:\/\/pfk.hr\/2024\/wp-json\/wp\/v2\/product_tag?post=989825"}],"curies":[{"name":"wp","href":"https:\/\/api.w.org\/{rel}","templated":true}]}}