{"id":989823,"date":"2024-05-14T18:03:40","date_gmt":"2024-05-14T16:03:40","guid":{"rendered":"https:\/\/pfk.hr\/?post_type=product&#038;p=989823"},"modified":"2024-05-14T18:03:41","modified_gmt":"2024-05-14T16:03:41","slug":"crvene-zastavice-zelene-zastavice","status":"publish","type":"product","link":"https:\/\/pfk.hr\/2024\/product\/crvene-zastavice-zelene-zastavice\/","title":{"rendered":"Crvene zastavice, zelene zastavice"},"content":{"rendered":"<p><strong>Ali Fenwick<\/p>\n<p><\/strong>Naklada: Znanje<\/p>\n<hr \/>\n<p>Postoji li (nedefinirani) odnos iz kojega ne mo\u017eete iza\u0107i? Po\u017eelite li da mo\u017eete uo\u010diti toksi\u010dna prijateljstva izdaleka? Ili mo\u017eda osje\u0107ate da te\u0161ko postavljate granice?Ovaj zdravorazumski vodi\u010d za razlikovanje toksi\u010dnih i pozitivnih pona\u0161anja kod va\u0161ih prijatelja, \u010dlanova obitelji, ljubavnih partnera i kolega pomo\u0107i \u0107e vam u dekodiranju najslo\u017eenijih situacija i okon\u010davanju nepotrebnih drama.<\/p>\n<p>Od simpatija koje vas izlu\u0111uju i napasnih roditelja do \u0161efova koji preuzimaju zasluge za va\u0161 rad, knjiga\u00a0<em>Crvene zastavice, zelene zastavice<\/em>\u00a0preobrazit \u0107e na\u010din na koji tuma\u010dite i rje\u0161avate svaku situaciju.<\/p>\n<p>Crvene zastavice i zelene zastavice na\u010din su razmi\u0161ljanja o pona\u0161anjima i akcijama drugih ljudi i mogu vam pomo\u0107i u svim socijalnim situacijama.<\/p>\n<p>Redovna cijena: 18.90 \u20ac<\/p>\n<p>PFK cijena: 17.00 \u20ac<\/p>\n","protected":false},"excerpt":{"rendered":"<p>Ali Fenwick Naklada: Znanje Postoji li (nedefinirani) odnos iz kojega ne mo\u017eete iza\u0107i? Po\u017eelite li da mo\u017eete uo\u010diti toksi\u010dna prijateljstva izdaleka? Ili mo\u017eda osje\u0107ate da te\u0161ko postavljate granice?Ovaj zdravorazumski vodi\u010d za razlikovanje toksi\u010dnih i pozitivnih pona\u0161anja kod va\u0161ih prijatelja, \u010dlanova obitelji, ljubavnih partnera i kolega pomo\u0107i \u0107e vam u dekodiranju najslo\u017eenijih situacija i okon\u010davanju nepotrebnih&#8230;<\/p>\n","protected":false},"featured_media":989824,"template":"","meta":{"_acf_changed":false},"product_cat":[15],"product_tag":[],"class_list":{"0":"post-989823","1":"product","2":"type-product","3":"status-publish","4":"has-post-thumbnail","6":"product_cat-uncategorized","8":"first","9":"instock","10":"shipping-taxable","11":"product-type-simple"},"acf":[],"yoast_head":"<!-- This site is optimized with the Yoast SEO plugin v22.6 - https:\/\/yoast.com\/wordpress\/plugins\/seo\/ -->\n<title>Crvene zastavice, zelene zastavice - Panonski festival knjige<\/title>\n<meta name=\"robots\" content=\"index, follow, max-snippet:-1, max-image-preview:large, max-video-preview:-1\" \/>\n<link rel=\"canonical\" href=\"https:\/\/pfk.hr\/2024\/product\/crvene-zastavice-zelene-zastavice\/\" \/>\n<meta property=\"og:locale\" content=\"hr_HR\" \/>\n<meta property=\"og:type\" content=\"article\" \/>\n<meta property=\"og:title\" content=\"Crvene zastavice, zelene zastavice - Panonski festival knjige\" \/>\n<meta property=\"og:description\" content=\"Ali Fenwick Naklada: Znanje Postoji li (nedefinirani) odnos iz kojega ne mo\u017eete iza\u0107i? Po\u017eelite li da mo\u017eete uo\u010diti toksi\u010dna prijateljstva izdaleka? Ili mo\u017eda osje\u0107ate da te\u0161ko postavljate granice?Ovaj zdravorazumski vodi\u010d za razlikovanje toksi\u010dnih i pozitivnih pona\u0161anja kod va\u0161ih prijatelja, \u010dlanova obitelji, ljubavnih partnera i kolega pomo\u0107i \u0107e vam u dekodiranju najslo\u017eenijih situacija i okon\u010davanju nepotrebnih...\" \/>\n<meta property=\"og:url\" content=\"https:\/\/pfk.hr\/2024\/product\/crvene-zastavice-zelene-zastavice\/\" \/>\n<meta property=\"og:site_name\" content=\"Panonski festival knjige\" \/>\n<meta property=\"article:modified_time\" content=\"2024-05-14T16:03:41+00:00\" \/>\n<meta property=\"og:image\" content=\"https:\/\/pfk.hr\/2024\/wp-content\/uploads\/2024\/05\/Crvene-zastavice-zelene-zastavice-naslovnica-MU.jpg\" \/>\n\t<meta property=\"og:image:width\" content=\"1615\" \/>\n\t<meta property=\"og:image:height\" content=\"2421\" \/>\n\t<meta property=\"og:image:type\" content=\"image\/jpeg\" \/>\n<meta name=\"twitter:card\" content=\"summary_large_image\" \/>\n<meta name=\"twitter:label1\" content=\"Procijenjeno vrijeme \u010ditanja\" \/>\n\t<meta name=\"twitter:data1\" content=\"1 minuta\" \/>\n<script type=\"application\/ld+json\" class=\"yoast-schema-graph\">{\"@context\":\"https:\/\/schema.org\",\"@graph\":[{\"@type\":\"WebPage\",\"@id\":\"https:\/\/pfk.hr\/2024\/product\/crvene-zastavice-zelene-zastavice\/\",\"url\":\"https:\/\/pfk.hr\/2024\/product\/crvene-zastavice-zelene-zastavice\/\",\"name\":\"Crvene zastavice, zelene zastavice - Panonski festival knjige\",\"isPartOf\":{\"@id\":\"https:\/\/pfk.hr\/2024\/#website\"},\"primaryImageOfPage\":{\"@id\":\"https:\/\/pfk.hr\/2024\/product\/crvene-zastavice-zelene-zastavice\/#primaryimage\"},\"image\":{\"@id\":\"https:\/\/pfk.hr\/2024\/product\/crvene-zastavice-zelene-zastavice\/#primaryimage\"},\"thumbnailUrl\":\"https:\/\/pfk.hr\/2024\/wp-content\/uploads\/2024\/05\/Crvene-zastavice-zelene-zastavice-naslovnica-MU.jpg\",\"datePublished\":\"2024-05-14T16:03:40+00:00\",\"dateModified\":\"2024-05-14T16:03:41+00:00\",\"breadcrumb\":{\"@id\":\"https:\/\/pfk.hr\/2024\/product\/crvene-zastavice-zelene-zastavice\/#breadcrumb\"},\"inLanguage\":\"hr\",\"potentialAction\":[{\"@type\":\"ReadAction\",\"target\":[\"https:\/\/pfk.hr\/2024\/product\/crvene-zastavice-zelene-zastavice\/\"]}]},{\"@type\":\"ImageObject\",\"inLanguage\":\"hr\",\"@id\":\"https:\/\/pfk.hr\/2024\/product\/crvene-zastavice-zelene-zastavice\/#primaryimage\",\"url\":\"https:\/\/pfk.hr\/2024\/wp-content\/uploads\/2024\/05\/Crvene-zastavice-zelene-zastavice-naslovnica-MU.jpg\",\"contentUrl\":\"https:\/\/pfk.hr\/2024\/wp-content\/uploads\/2024\/05\/Crvene-zastavice-zelene-zastavice-naslovnica-MU.jpg\",\"width\":1615,\"height\":2421},{\"@type\":\"BreadcrumbList\",\"@id\":\"https:\/\/pfk.hr\/2024\/product\/crvene-zastavice-zelene-zastavice\/#breadcrumb\",\"itemListElement\":[{\"@type\":\"ListItem\",\"position\":1,\"name\":\"Po\u010detna stranica\",\"item\":\"https:\/\/pfk.hr\/2024\/\"},{\"@type\":\"ListItem\",\"position\":2,\"name\":\"Preporuka naslova\",\"item\":\"https:\/\/pfk.hr\/2024\/preporuka-naslova\/\"},{\"@type\":\"ListItem\",\"position\":3,\"name\":\"Crvene zastavice, zelene zastavice\"}]},{\"@type\":\"WebSite\",\"@id\":\"https:\/\/pfk.hr\/2024\/#website\",\"url\":\"https:\/\/pfk.hr\/2024\/\",\"name\":\"Panonski festival knjige\",\"description\":\"\u010cITAJ, LEGA, \u010cITAJ!\",\"potentialAction\":[{\"@type\":\"SearchAction\",\"target\":{\"@type\":\"EntryPoint\",\"urlTemplate\":\"https:\/\/pfk.hr\/2024\/?s={search_term_string}\"},\"query-input\":\"required name=search_term_string\"}],\"inLanguage\":\"hr\"}]}<\/script>\n<!-- \/ Yoast SEO plugin. -->","yoast_head_json":{"title":"Crvene zastavice, zelene zastavice - Panonski festival knjige","robots":{"index":"index","follow":"follow","max-snippet":"max-snippet:-1","max-image-preview":"max-image-preview:large","max-video-preview":"max-video-preview:-1"},"canonical":"https:\/\/pfk.hr\/2024\/product\/crvene-zastavice-zelene-zastavice\/","og_locale":"hr_HR","og_type":"article","og_title":"Crvene zastavice, zelene zastavice - Panonski festival knjige","og_description":"Ali Fenwick Naklada: Znanje Postoji li (nedefinirani) odnos iz kojega ne mo\u017eete iza\u0107i? Po\u017eelite li da mo\u017eete uo\u010diti toksi\u010dna prijateljstva izdaleka? Ili mo\u017eda osje\u0107ate da te\u0161ko postavljate granice?Ovaj zdravorazumski vodi\u010d za razlikovanje toksi\u010dnih i pozitivnih pona\u0161anja kod va\u0161ih prijatelja, \u010dlanova obitelji, ljubavnih partnera i kolega pomo\u0107i \u0107e vam u dekodiranju najslo\u017eenijih situacija i okon\u010davanju nepotrebnih...","og_url":"https:\/\/pfk.hr\/2024\/product\/crvene-zastavice-zelene-zastavice\/","og_site_name":"Panonski festival knjige","article_modified_time":"2024-05-14T16:03:41+00:00","og_image":[{"width":1615,"height":2421,"url":"https:\/\/pfk.hr\/2024\/wp-content\/uploads\/2024\/05\/Crvene-zastavice-zelene-zastavice-naslovnica-MU.jpg","type":"image\/jpeg"}],"twitter_card":"summary_large_image","twitter_misc":{"Procijenjeno vrijeme \u010ditanja":"1 minuta"},"schema":{"@context":"https:\/\/schema.org","@graph":[{"@type":"WebPage","@id":"https:\/\/pfk.hr\/2024\/product\/crvene-zastavice-zelene-zastavice\/","url":"https:\/\/pfk.hr\/2024\/product\/crvene-zastavice-zelene-zastavice\/","name":"Crvene zastavice, zelene zastavice - Panonski festival knjige","isPartOf":{"@id":"https:\/\/pfk.hr\/2024\/#website"},"primaryImageOfPage":{"@id":"https:\/\/pfk.hr\/2024\/product\/crvene-zastavice-zelene-zastavice\/#primaryimage"},"image":{"@id":"https:\/\/pfk.hr\/2024\/product\/crvene-zastavice-zelene-zastavice\/#primaryimage"},"thumbnailUrl":"https:\/\/pfk.hr\/2024\/wp-content\/uploads\/2024\/05\/Crvene-zastavice-zelene-zastavice-naslovnica-MU.jpg","datePublished":"2024-05-14T16:03:40+00:00","dateModified":"2024-05-14T16:03:41+00:00","breadcrumb":{"@id":"https:\/\/pfk.hr\/2024\/product\/crvene-zastavice-zelene-zastavice\/#breadcrumb"},"inLanguage":"hr","potentialAction":[{"@type":"ReadAction","target":["https:\/\/pfk.hr\/2024\/product\/crvene-zastavice-zelene-zastavice\/"]}]},{"@type":"ImageObject","inLanguage":"hr","@id":"https:\/\/pfk.hr\/2024\/product\/crvene-zastavice-zelene-zastavice\/#primaryimage","url":"https:\/\/pfk.hr\/2024\/wp-content\/uploads\/2024\/05\/Crvene-zastavice-zelene-zastavice-naslovnica-MU.jpg","contentUrl":"https:\/\/pfk.hr\/2024\/wp-content\/uploads\/2024\/05\/Crvene-zastavice-zelene-zastavice-naslovnica-MU.jpg","width":1615,"height":2421},{"@type":"BreadcrumbList","@id":"https:\/\/pfk.hr\/2024\/product\/crvene-zastavice-zelene-zastavice\/#breadcrumb","itemListElement":[{"@type":"ListItem","position":1,"name":"Po\u010detna stranica","item":"https:\/\/pfk.hr\/2024\/"},{"@type":"ListItem","position":2,"name":"Preporuka naslova","item":"https:\/\/pfk.hr\/2024\/preporuka-naslova\/"},{"@type":"ListItem","position":3,"name":"Crvene zastavice, zelene zastavice"}]},{"@type":"WebSite","@id":"https:\/\/pfk.hr\/2024\/#website","url":"https:\/\/pfk.hr\/2024\/","name":"Panonski festival knjige","description":"\u010cITAJ, LEGA, \u010cITAJ!","potentialAction":[{"@type":"SearchAction","target":{"@type":"EntryPoint","urlTemplate":"https:\/\/pfk.hr\/2024\/?s={search_term_string}"},"query-input":"required name=search_term_string"}],"inLanguage":"hr"}]}},"_links":{"self":[{"href":"https:\/\/pfk.hr\/2024\/wp-json\/wp\/v2\/product\/989823","targetHints":{"allow":["GET"]}}],"collection":[{"href":"https:\/\/pfk.hr\/2024\/wp-json\/wp\/v2\/product"}],"about":[{"href":"https:\/\/pfk.hr\/2024\/wp-json\/wp\/v2\/types\/product"}],"wp:featuredmedia":[{"embeddable":true,"href":"https:\/\/pfk.hr\/2024\/wp-json\/wp\/v2\/media\/989824"}],"wp:attachment":[{"href":"https:\/\/pfk.hr\/2024\/wp-json\/wp\/v2\/media?parent=989823"}],"wp:term":[{"taxonomy":"product_cat","embeddable":true,"href":"https:\/\/pfk.hr\/2024\/wp-json\/wp\/v2\/product_cat?post=989823"},{"taxonomy":"product_tag","embeddable":true,"href":"https:\/\/pfk.hr\/2024\/wp-json\/wp\/v2\/product_tag?post=989823"}],"curies":[{"name":"wp","href":"https:\/\/api.w.org\/{rel}","templated":true}]}}