{"id":989188,"date":"2023-05-23T21:10:47","date_gmt":"2023-05-23T19:10:47","guid":{"rendered":"https:\/\/pfk.hr\/?post_type=product&#038;p=989188"},"modified":"2024-05-09T13:50:42","modified_gmt":"2024-05-09T11:50:42","slug":"neprepoznata-hrvatska","status":"publish","type":"product","link":"https:\/\/pfk.hr\/2024\/product\/neprepoznata-hrvatska\/","title":{"rendered":"Ne(pre)poznata Hrvatska"},"content":{"rendered":"<div>\n<div data-hveid=\"CAsQAA\">\n<div data-md=\"221\" data-hveid=\"CAkQAA\" data-ved=\"2ahUKEwjJ7dyf2-P-AhX5wQIHHf6aC2MQnKEBegQICRAA\">\n<p><strong>Nikica Talan<\/strong><\/p>\n<\/div>\n<\/div>\n<\/div>\n<div class=\"GRl5yb a8pxAe\">\n<div id=\"JTPWx\" class=\"FJIcp\" role=\"tablist\" data-hveid=\"CA0QAA\">Naklada: AGM<\/div>\n<\/div>\n<hr \/>\n<p>Knjiga je svojevrsni putopis, ali je vi\u0161e od toga: nije odve\u0107 deskriptivna kako kakav planinarski vodi\u010d, a nije ni\u00a0 poetska. Kako ka\u017ee autor predgovora prof. dr. \u017deljko Poljak, Talanova knjiga mogla bi se opisati kao neobi\u010dan kola\u017e lijepo ilustriranog vodi\u010da, autobiografije, kriti\u010dnosti, autokriti\u010dnosti, humora, informativnosti, inserata u zagradi, domoljublja, putopisa, do\u017eivljaja, upornosti i po\u017ertvovnosti. Planinaru mo\u017ee poslu\u017eiti kao koristan putni savjetnik, a za neplaninara je najva\u017enije to \u0161to mu do\u010darava mnoge manje poznate krajeve na\u0161e domovine.<\/p>\n<p>&nbsp;<\/p>\n<p><a href=\"https:\/\/www.agm.hr\/hr\/shop\/ne(pre)poznata-hrvatska,903.html\">Saznajte vi\u0161e&#8230;<\/a><\/p>\n","protected":false},"excerpt":{"rendered":"<p>Nikica Talan Naklada: AGM Knjiga je svojevrsni putopis, ali je vi\u0161e od toga: nije odve\u0107 deskriptivna kako kakav planinarski vodi\u010d, a nije ni\u00a0 poetska. Kako ka\u017ee autor predgovora prof. dr. \u017deljko Poljak, Talanova knjiga mogla bi se opisati kao neobi\u010dan kola\u017e lijepo ilustriranog vodi\u010da, autobiografije, kriti\u010dnosti, autokriti\u010dnosti, humora, informativnosti, inserata u zagradi, domoljublja, putopisa, do\u017eivljaja,&#8230;<\/p>\n","protected":false},"featured_media":989413,"template":"","meta":{"_acf_changed":false},"product_cat":[86],"product_tag":[],"class_list":{"0":"post-989188","1":"product","2":"type-product","3":"status-publish","4":"has-post-thumbnail","6":"product_cat-knjige","8":"first","9":"instock","10":"shipping-taxable","11":"product-type-simple"},"acf":[],"yoast_head":"<!-- This site is optimized with the Yoast SEO plugin v22.6 - https:\/\/yoast.com\/wordpress\/plugins\/seo\/ -->\n<title>Ne(pre)poznata Hrvatska - Panonski festival knjige<\/title>\n<meta name=\"robots\" content=\"index, follow, max-snippet:-1, max-image-preview:large, max-video-preview:-1\" \/>\n<link rel=\"canonical\" href=\"https:\/\/pfk.hr\/2024\/product\/neprepoznata-hrvatska\/\" \/>\n<meta property=\"og:locale\" content=\"hr_HR\" \/>\n<meta property=\"og:type\" content=\"article\" \/>\n<meta property=\"og:title\" content=\"Ne(pre)poznata Hrvatska - Panonski festival knjige\" \/>\n<meta property=\"og:description\" content=\"Nikica Talan Naklada: AGM Knjiga je svojevrsni putopis, ali je vi\u0161e od toga: nije odve\u0107 deskriptivna kako kakav planinarski vodi\u010d, a nije ni\u00a0 poetska. Kako ka\u017ee autor predgovora prof. dr. \u017deljko Poljak, Talanova knjiga mogla bi se opisati kao neobi\u010dan kola\u017e lijepo ilustriranog vodi\u010da, autobiografije, kriti\u010dnosti, autokriti\u010dnosti, humora, informativnosti, inserata u zagradi, domoljublja, putopisa, do\u017eivljaja,...\" \/>\n<meta property=\"og:url\" content=\"https:\/\/pfk.hr\/2024\/product\/neprepoznata-hrvatska\/\" \/>\n<meta property=\"og:site_name\" content=\"Panonski festival knjige\" \/>\n<meta property=\"article:modified_time\" content=\"2024-05-09T11:50:42+00:00\" \/>\n<meta property=\"og:image\" content=\"https:\/\/pfk.hr\/2024\/wp-content\/uploads\/2023\/05\/Neprepoznata-Hrvatska.jpg\" \/>\n\t<meta property=\"og:image:width\" content=\"286\" \/>\n\t<meta property=\"og:image:height\" content=\"390\" \/>\n\t<meta property=\"og:image:type\" content=\"image\/jpeg\" \/>\n<meta name=\"twitter:card\" content=\"summary_large_image\" \/>\n<meta name=\"twitter:label1\" content=\"Procijenjeno vrijeme \u010ditanja\" \/>\n\t<meta name=\"twitter:data1\" content=\"1 minuta\" \/>\n<script type=\"application\/ld+json\" class=\"yoast-schema-graph\">{\"@context\":\"https:\/\/schema.org\",\"@graph\":[{\"@type\":\"WebPage\",\"@id\":\"https:\/\/pfk.hr\/2024\/product\/neprepoznata-hrvatska\/\",\"url\":\"https:\/\/pfk.hr\/2024\/product\/neprepoznata-hrvatska\/\",\"name\":\"Ne(pre)poznata Hrvatska - Panonski festival knjige\",\"isPartOf\":{\"@id\":\"https:\/\/pfk.hr\/2024\/#website\"},\"primaryImageOfPage\":{\"@id\":\"https:\/\/pfk.hr\/2024\/product\/neprepoznata-hrvatska\/#primaryimage\"},\"image\":{\"@id\":\"https:\/\/pfk.hr\/2024\/product\/neprepoznata-hrvatska\/#primaryimage\"},\"thumbnailUrl\":\"https:\/\/pfk.hr\/2024\/wp-content\/uploads\/2023\/05\/Neprepoznata-Hrvatska.jpg\",\"datePublished\":\"2023-05-23T19:10:47+00:00\",\"dateModified\":\"2024-05-09T11:50:42+00:00\",\"breadcrumb\":{\"@id\":\"https:\/\/pfk.hr\/2024\/product\/neprepoznata-hrvatska\/#breadcrumb\"},\"inLanguage\":\"hr\",\"potentialAction\":[{\"@type\":\"ReadAction\",\"target\":[\"https:\/\/pfk.hr\/2024\/product\/neprepoznata-hrvatska\/\"]}]},{\"@type\":\"ImageObject\",\"inLanguage\":\"hr\",\"@id\":\"https:\/\/pfk.hr\/2024\/product\/neprepoznata-hrvatska\/#primaryimage\",\"url\":\"https:\/\/pfk.hr\/2024\/wp-content\/uploads\/2023\/05\/Neprepoznata-Hrvatska.jpg\",\"contentUrl\":\"https:\/\/pfk.hr\/2024\/wp-content\/uploads\/2023\/05\/Neprepoznata-Hrvatska.jpg\",\"width\":286,\"height\":390},{\"@type\":\"BreadcrumbList\",\"@id\":\"https:\/\/pfk.hr\/2024\/product\/neprepoznata-hrvatska\/#breadcrumb\",\"itemListElement\":[{\"@type\":\"ListItem\",\"position\":1,\"name\":\"Po\u010detna stranica\",\"item\":\"https:\/\/pfk.hr\/2024\/\"},{\"@type\":\"ListItem\",\"position\":2,\"name\":\"Preporuka naslova\",\"item\":\"https:\/\/pfk.hr\/2024\/preporuka-naslova\/\"},{\"@type\":\"ListItem\",\"position\":3,\"name\":\"Ne(pre)poznata Hrvatska\"}]},{\"@type\":\"WebSite\",\"@id\":\"https:\/\/pfk.hr\/2024\/#website\",\"url\":\"https:\/\/pfk.hr\/2024\/\",\"name\":\"Panonski festival knjige\",\"description\":\"\u010cITAJ, LEGA, \u010cITAJ!\",\"potentialAction\":[{\"@type\":\"SearchAction\",\"target\":{\"@type\":\"EntryPoint\",\"urlTemplate\":\"https:\/\/pfk.hr\/2024\/?s={search_term_string}\"},\"query-input\":\"required name=search_term_string\"}],\"inLanguage\":\"hr\"}]}<\/script>\n<!-- \/ Yoast SEO plugin. -->","yoast_head_json":{"title":"Ne(pre)poznata Hrvatska - Panonski festival knjige","robots":{"index":"index","follow":"follow","max-snippet":"max-snippet:-1","max-image-preview":"max-image-preview:large","max-video-preview":"max-video-preview:-1"},"canonical":"https:\/\/pfk.hr\/2024\/product\/neprepoznata-hrvatska\/","og_locale":"hr_HR","og_type":"article","og_title":"Ne(pre)poznata Hrvatska - Panonski festival knjige","og_description":"Nikica Talan Naklada: AGM Knjiga je svojevrsni putopis, ali je vi\u0161e od toga: nije odve\u0107 deskriptivna kako kakav planinarski vodi\u010d, a nije ni\u00a0 poetska. Kako ka\u017ee autor predgovora prof. dr. \u017deljko Poljak, Talanova knjiga mogla bi se opisati kao neobi\u010dan kola\u017e lijepo ilustriranog vodi\u010da, autobiografije, kriti\u010dnosti, autokriti\u010dnosti, humora, informativnosti, inserata u zagradi, domoljublja, putopisa, do\u017eivljaja,...","og_url":"https:\/\/pfk.hr\/2024\/product\/neprepoznata-hrvatska\/","og_site_name":"Panonski festival knjige","article_modified_time":"2024-05-09T11:50:42+00:00","og_image":[{"width":286,"height":390,"url":"https:\/\/pfk.hr\/2024\/wp-content\/uploads\/2023\/05\/Neprepoznata-Hrvatska.jpg","type":"image\/jpeg"}],"twitter_card":"summary_large_image","twitter_misc":{"Procijenjeno vrijeme \u010ditanja":"1 minuta"},"schema":{"@context":"https:\/\/schema.org","@graph":[{"@type":"WebPage","@id":"https:\/\/pfk.hr\/2024\/product\/neprepoznata-hrvatska\/","url":"https:\/\/pfk.hr\/2024\/product\/neprepoznata-hrvatska\/","name":"Ne(pre)poznata Hrvatska - Panonski festival knjige","isPartOf":{"@id":"https:\/\/pfk.hr\/2024\/#website"},"primaryImageOfPage":{"@id":"https:\/\/pfk.hr\/2024\/product\/neprepoznata-hrvatska\/#primaryimage"},"image":{"@id":"https:\/\/pfk.hr\/2024\/product\/neprepoznata-hrvatska\/#primaryimage"},"thumbnailUrl":"https:\/\/pfk.hr\/2024\/wp-content\/uploads\/2023\/05\/Neprepoznata-Hrvatska.jpg","datePublished":"2023-05-23T19:10:47+00:00","dateModified":"2024-05-09T11:50:42+00:00","breadcrumb":{"@id":"https:\/\/pfk.hr\/2024\/product\/neprepoznata-hrvatska\/#breadcrumb"},"inLanguage":"hr","potentialAction":[{"@type":"ReadAction","target":["https:\/\/pfk.hr\/2024\/product\/neprepoznata-hrvatska\/"]}]},{"@type":"ImageObject","inLanguage":"hr","@id":"https:\/\/pfk.hr\/2024\/product\/neprepoznata-hrvatska\/#primaryimage","url":"https:\/\/pfk.hr\/2024\/wp-content\/uploads\/2023\/05\/Neprepoznata-Hrvatska.jpg","contentUrl":"https:\/\/pfk.hr\/2024\/wp-content\/uploads\/2023\/05\/Neprepoznata-Hrvatska.jpg","width":286,"height":390},{"@type":"BreadcrumbList","@id":"https:\/\/pfk.hr\/2024\/product\/neprepoznata-hrvatska\/#breadcrumb","itemListElement":[{"@type":"ListItem","position":1,"name":"Po\u010detna stranica","item":"https:\/\/pfk.hr\/2024\/"},{"@type":"ListItem","position":2,"name":"Preporuka naslova","item":"https:\/\/pfk.hr\/2024\/preporuka-naslova\/"},{"@type":"ListItem","position":3,"name":"Ne(pre)poznata Hrvatska"}]},{"@type":"WebSite","@id":"https:\/\/pfk.hr\/2024\/#website","url":"https:\/\/pfk.hr\/2024\/","name":"Panonski festival knjige","description":"\u010cITAJ, LEGA, \u010cITAJ!","potentialAction":[{"@type":"SearchAction","target":{"@type":"EntryPoint","urlTemplate":"https:\/\/pfk.hr\/2024\/?s={search_term_string}"},"query-input":"required name=search_term_string"}],"inLanguage":"hr"}]}},"_links":{"self":[{"href":"https:\/\/pfk.hr\/2024\/wp-json\/wp\/v2\/product\/989188","targetHints":{"allow":["GET"]}}],"collection":[{"href":"https:\/\/pfk.hr\/2024\/wp-json\/wp\/v2\/product"}],"about":[{"href":"https:\/\/pfk.hr\/2024\/wp-json\/wp\/v2\/types\/product"}],"wp:featuredmedia":[{"embeddable":true,"href":"https:\/\/pfk.hr\/2024\/wp-json\/wp\/v2\/media\/989413"}],"wp:attachment":[{"href":"https:\/\/pfk.hr\/2024\/wp-json\/wp\/v2\/media?parent=989188"}],"wp:term":[{"taxonomy":"product_cat","embeddable":true,"href":"https:\/\/pfk.hr\/2024\/wp-json\/wp\/v2\/product_cat?post=989188"},{"taxonomy":"product_tag","embeddable":true,"href":"https:\/\/pfk.hr\/2024\/wp-json\/wp\/v2\/product_tag?post=989188"}],"curies":[{"name":"wp","href":"https:\/\/api.w.org\/{rel}","templated":true}]}}