{"id":989044,"date":"2023-05-17T11:47:05","date_gmt":"2023-05-17T09:47:05","guid":{"rendered":"https:\/\/pfk.hr\/?post_type=product&#038;p=989044"},"modified":"2024-05-11T17:21:44","modified_gmt":"2024-05-11T15:21:44","slug":"neke-rijeci-ne-stanu-u-pjesmu","status":"publish","type":"product","link":"https:\/\/pfk.hr\/2024\/product\/neke-rijeci-ne-stanu-u-pjesmu\/","title":{"rendered":"Neke rije\u010di ne stanu u pjesmu"},"content":{"rendered":"<div>\n<div data-hveid=\"CAsQAA\">\n<div data-md=\"221\" data-hveid=\"CAkQAA\" data-ved=\"2ahUKEwjJ7dyf2-P-AhX5wQIHHf6aC2MQnKEBegQICRAA\">\n<p><strong>Edi Mati\u0107<\/strong><\/p>\n<\/div>\n<\/div>\n<\/div>\n<div class=\"GRl5yb a8pxAe\">\n<div id=\"JTPWx\" class=\"FJIcp\" role=\"tablist\" data-hveid=\"CA0QAA\">Naklada: Fragment<\/div>\n<\/div>\n<hr \/>\n<p>Ljubav ne filozofira, ona se kod Mati\u0107a kre\u0107e i pulsira od prvog do posljednjeg stiha. Njena dinami\u010dka priroda ne da joj da stane, da se osvrne kako bi ne\u0161to dovr\u0161ila ili zaklju\u010dila. Zbog toga su ove pjesme svjedo\u010danstvo work in progress.<\/p>\n<p>Njihove formalne i kompozicijske odlike \u2013 kazivanje u drugom ili prvom licu, narativni pasa\u017ei, anegdotalni zavr\u0161eci, duhovite poante, neobi\u010dne usporedbe, za\u010dudne metafore i takve stihovne konstrukcije \u2013 sve je to smje\u0161teno u \u201eradnju\u201c koja se doga\u0111a u trenu dok se o njoj govori. Tu le\u017ei i njihova \u017eivotnost.<\/p>\n<p>Redovna cijena: 16.00 \u20ac<\/p>\n<p>PFK cijena: 13.00 \u20ac<\/p>\n","protected":false},"excerpt":{"rendered":"<p>Edi Mati\u0107 Naklada: Fragment Ljubav ne filozofira, ona se kod Mati\u0107a kre\u0107e i pulsira od prvog do posljednjeg stiha. Njena dinami\u010dka priroda ne da joj da stane, da se osvrne kako bi ne\u0161to dovr\u0161ila ili zaklju\u010dila. Zbog toga su ove pjesme svjedo\u010danstvo work in progress. Njihove formalne i kompozicijske odlike \u2013 kazivanje u drugom ili&#8230;<\/p>\n","protected":false},"featured_media":989466,"template":"","meta":{"_acf_changed":false},"product_cat":[86],"product_tag":[],"class_list":{"0":"post-989044","1":"product","2":"type-product","3":"status-publish","4":"has-post-thumbnail","6":"product_cat-knjige","8":"first","9":"instock","10":"shipping-taxable","11":"product-type-simple"},"acf":[],"yoast_head":"<!-- This site is optimized with the Yoast SEO plugin v22.6 - https:\/\/yoast.com\/wordpress\/plugins\/seo\/ -->\n<title>Neke rije\u010di ne stanu u pjesmu - Panonski festival knjige<\/title>\n<meta name=\"robots\" content=\"index, follow, max-snippet:-1, max-image-preview:large, max-video-preview:-1\" \/>\n<link rel=\"canonical\" href=\"https:\/\/pfk.hr\/2024\/product\/neke-rijeci-ne-stanu-u-pjesmu\/\" \/>\n<meta property=\"og:locale\" content=\"hr_HR\" \/>\n<meta property=\"og:type\" content=\"article\" \/>\n<meta property=\"og:title\" content=\"Neke rije\u010di ne stanu u pjesmu - Panonski festival knjige\" \/>\n<meta property=\"og:description\" content=\"Edi Mati\u0107 Naklada: Fragment Ljubav ne filozofira, ona se kod Mati\u0107a kre\u0107e i pulsira od prvog do posljednjeg stiha. Njena dinami\u010dka priroda ne da joj da stane, da se osvrne kako bi ne\u0161to dovr\u0161ila ili zaklju\u010dila. Zbog toga su ove pjesme svjedo\u010danstvo work in progress. Njihove formalne i kompozicijske odlike \u2013 kazivanje u drugom ili...\" \/>\n<meta property=\"og:url\" content=\"https:\/\/pfk.hr\/2024\/product\/neke-rijeci-ne-stanu-u-pjesmu\/\" \/>\n<meta property=\"og:site_name\" content=\"Panonski festival knjige\" \/>\n<meta property=\"article:modified_time\" content=\"2024-05-11T15:21:44+00:00\" \/>\n<meta property=\"og:image\" content=\"https:\/\/pfk.hr\/2024\/wp-content\/uploads\/2023\/05\/neke_rijeci_ne_stanu_u_pjesmu.jpg\" \/>\n\t<meta property=\"og:image:width\" content=\"700\" \/>\n\t<meta property=\"og:image:height\" content=\"1000\" \/>\n\t<meta property=\"og:image:type\" content=\"image\/jpeg\" \/>\n<meta name=\"twitter:card\" content=\"summary_large_image\" \/>\n<meta name=\"twitter:label1\" content=\"Procijenjeno vrijeme \u010ditanja\" \/>\n\t<meta name=\"twitter:data1\" content=\"1 minuta\" \/>\n<script type=\"application\/ld+json\" class=\"yoast-schema-graph\">{\"@context\":\"https:\/\/schema.org\",\"@graph\":[{\"@type\":\"WebPage\",\"@id\":\"https:\/\/pfk.hr\/2024\/product\/neke-rijeci-ne-stanu-u-pjesmu\/\",\"url\":\"https:\/\/pfk.hr\/2024\/product\/neke-rijeci-ne-stanu-u-pjesmu\/\",\"name\":\"Neke rije\u010di ne stanu u pjesmu - Panonski festival knjige\",\"isPartOf\":{\"@id\":\"https:\/\/pfk.hr\/2024\/#website\"},\"primaryImageOfPage\":{\"@id\":\"https:\/\/pfk.hr\/2024\/product\/neke-rijeci-ne-stanu-u-pjesmu\/#primaryimage\"},\"image\":{\"@id\":\"https:\/\/pfk.hr\/2024\/product\/neke-rijeci-ne-stanu-u-pjesmu\/#primaryimage\"},\"thumbnailUrl\":\"https:\/\/pfk.hr\/2024\/wp-content\/uploads\/2023\/05\/neke_rijeci_ne_stanu_u_pjesmu.jpg\",\"datePublished\":\"2023-05-17T09:47:05+00:00\",\"dateModified\":\"2024-05-11T15:21:44+00:00\",\"breadcrumb\":{\"@id\":\"https:\/\/pfk.hr\/2024\/product\/neke-rijeci-ne-stanu-u-pjesmu\/#breadcrumb\"},\"inLanguage\":\"hr\",\"potentialAction\":[{\"@type\":\"ReadAction\",\"target\":[\"https:\/\/pfk.hr\/2024\/product\/neke-rijeci-ne-stanu-u-pjesmu\/\"]}]},{\"@type\":\"ImageObject\",\"inLanguage\":\"hr\",\"@id\":\"https:\/\/pfk.hr\/2024\/product\/neke-rijeci-ne-stanu-u-pjesmu\/#primaryimage\",\"url\":\"https:\/\/pfk.hr\/2024\/wp-content\/uploads\/2023\/05\/neke_rijeci_ne_stanu_u_pjesmu.jpg\",\"contentUrl\":\"https:\/\/pfk.hr\/2024\/wp-content\/uploads\/2023\/05\/neke_rijeci_ne_stanu_u_pjesmu.jpg\",\"width\":700,\"height\":1000},{\"@type\":\"BreadcrumbList\",\"@id\":\"https:\/\/pfk.hr\/2024\/product\/neke-rijeci-ne-stanu-u-pjesmu\/#breadcrumb\",\"itemListElement\":[{\"@type\":\"ListItem\",\"position\":1,\"name\":\"Po\u010detna stranica\",\"item\":\"https:\/\/pfk.hr\/2024\/\"},{\"@type\":\"ListItem\",\"position\":2,\"name\":\"Preporuka naslova\",\"item\":\"https:\/\/pfk.hr\/2024\/preporuka-naslova\/\"},{\"@type\":\"ListItem\",\"position\":3,\"name\":\"Neke rije\u010di ne stanu u pjesmu\"}]},{\"@type\":\"WebSite\",\"@id\":\"https:\/\/pfk.hr\/2024\/#website\",\"url\":\"https:\/\/pfk.hr\/2024\/\",\"name\":\"Panonski festival knjige\",\"description\":\"\u010cITAJ, LEGA, \u010cITAJ!\",\"potentialAction\":[{\"@type\":\"SearchAction\",\"target\":{\"@type\":\"EntryPoint\",\"urlTemplate\":\"https:\/\/pfk.hr\/2024\/?s={search_term_string}\"},\"query-input\":\"required name=search_term_string\"}],\"inLanguage\":\"hr\"}]}<\/script>\n<!-- \/ Yoast SEO plugin. -->","yoast_head_json":{"title":"Neke rije\u010di ne stanu u pjesmu - Panonski festival knjige","robots":{"index":"index","follow":"follow","max-snippet":"max-snippet:-1","max-image-preview":"max-image-preview:large","max-video-preview":"max-video-preview:-1"},"canonical":"https:\/\/pfk.hr\/2024\/product\/neke-rijeci-ne-stanu-u-pjesmu\/","og_locale":"hr_HR","og_type":"article","og_title":"Neke rije\u010di ne stanu u pjesmu - Panonski festival knjige","og_description":"Edi Mati\u0107 Naklada: Fragment Ljubav ne filozofira, ona se kod Mati\u0107a kre\u0107e i pulsira od prvog do posljednjeg stiha. Njena dinami\u010dka priroda ne da joj da stane, da se osvrne kako bi ne\u0161to dovr\u0161ila ili zaklju\u010dila. Zbog toga su ove pjesme svjedo\u010danstvo work in progress. Njihove formalne i kompozicijske odlike \u2013 kazivanje u drugom ili...","og_url":"https:\/\/pfk.hr\/2024\/product\/neke-rijeci-ne-stanu-u-pjesmu\/","og_site_name":"Panonski festival knjige","article_modified_time":"2024-05-11T15:21:44+00:00","og_image":[{"width":700,"height":1000,"url":"https:\/\/pfk.hr\/2024\/wp-content\/uploads\/2023\/05\/neke_rijeci_ne_stanu_u_pjesmu.jpg","type":"image\/jpeg"}],"twitter_card":"summary_large_image","twitter_misc":{"Procijenjeno vrijeme \u010ditanja":"1 minuta"},"schema":{"@context":"https:\/\/schema.org","@graph":[{"@type":"WebPage","@id":"https:\/\/pfk.hr\/2024\/product\/neke-rijeci-ne-stanu-u-pjesmu\/","url":"https:\/\/pfk.hr\/2024\/product\/neke-rijeci-ne-stanu-u-pjesmu\/","name":"Neke rije\u010di ne stanu u pjesmu - Panonski festival knjige","isPartOf":{"@id":"https:\/\/pfk.hr\/2024\/#website"},"primaryImageOfPage":{"@id":"https:\/\/pfk.hr\/2024\/product\/neke-rijeci-ne-stanu-u-pjesmu\/#primaryimage"},"image":{"@id":"https:\/\/pfk.hr\/2024\/product\/neke-rijeci-ne-stanu-u-pjesmu\/#primaryimage"},"thumbnailUrl":"https:\/\/pfk.hr\/2024\/wp-content\/uploads\/2023\/05\/neke_rijeci_ne_stanu_u_pjesmu.jpg","datePublished":"2023-05-17T09:47:05+00:00","dateModified":"2024-05-11T15:21:44+00:00","breadcrumb":{"@id":"https:\/\/pfk.hr\/2024\/product\/neke-rijeci-ne-stanu-u-pjesmu\/#breadcrumb"},"inLanguage":"hr","potentialAction":[{"@type":"ReadAction","target":["https:\/\/pfk.hr\/2024\/product\/neke-rijeci-ne-stanu-u-pjesmu\/"]}]},{"@type":"ImageObject","inLanguage":"hr","@id":"https:\/\/pfk.hr\/2024\/product\/neke-rijeci-ne-stanu-u-pjesmu\/#primaryimage","url":"https:\/\/pfk.hr\/2024\/wp-content\/uploads\/2023\/05\/neke_rijeci_ne_stanu_u_pjesmu.jpg","contentUrl":"https:\/\/pfk.hr\/2024\/wp-content\/uploads\/2023\/05\/neke_rijeci_ne_stanu_u_pjesmu.jpg","width":700,"height":1000},{"@type":"BreadcrumbList","@id":"https:\/\/pfk.hr\/2024\/product\/neke-rijeci-ne-stanu-u-pjesmu\/#breadcrumb","itemListElement":[{"@type":"ListItem","position":1,"name":"Po\u010detna stranica","item":"https:\/\/pfk.hr\/2024\/"},{"@type":"ListItem","position":2,"name":"Preporuka naslova","item":"https:\/\/pfk.hr\/2024\/preporuka-naslova\/"},{"@type":"ListItem","position":3,"name":"Neke rije\u010di ne stanu u pjesmu"}]},{"@type":"WebSite","@id":"https:\/\/pfk.hr\/2024\/#website","url":"https:\/\/pfk.hr\/2024\/","name":"Panonski festival knjige","description":"\u010cITAJ, LEGA, \u010cITAJ!","potentialAction":[{"@type":"SearchAction","target":{"@type":"EntryPoint","urlTemplate":"https:\/\/pfk.hr\/2024\/?s={search_term_string}"},"query-input":"required name=search_term_string"}],"inLanguage":"hr"}]}},"_links":{"self":[{"href":"https:\/\/pfk.hr\/2024\/wp-json\/wp\/v2\/product\/989044","targetHints":{"allow":["GET"]}}],"collection":[{"href":"https:\/\/pfk.hr\/2024\/wp-json\/wp\/v2\/product"}],"about":[{"href":"https:\/\/pfk.hr\/2024\/wp-json\/wp\/v2\/types\/product"}],"wp:featuredmedia":[{"embeddable":true,"href":"https:\/\/pfk.hr\/2024\/wp-json\/wp\/v2\/media\/989466"}],"wp:attachment":[{"href":"https:\/\/pfk.hr\/2024\/wp-json\/wp\/v2\/media?parent=989044"}],"wp:term":[{"taxonomy":"product_cat","embeddable":true,"href":"https:\/\/pfk.hr\/2024\/wp-json\/wp\/v2\/product_cat?post=989044"},{"taxonomy":"product_tag","embeddable":true,"href":"https:\/\/pfk.hr\/2024\/wp-json\/wp\/v2\/product_tag?post=989044"}],"curies":[{"name":"wp","href":"https:\/\/api.w.org\/{rel}","templated":true}]}}