{"id":988591,"date":"2023-05-13T15:33:45","date_gmt":"2023-05-13T13:33:45","guid":{"rendered":"https:\/\/pfk.hr\/?post_type=product&#038;p=988591"},"modified":"2024-05-12T18:47:12","modified_gmt":"2024-05-12T16:47:12","slug":"sunovrat","status":"publish","type":"product","link":"https:\/\/pfk.hr\/2024\/product\/sunovrat\/","title":{"rendered":"Sunovrat"},"content":{"rendered":"<div>\n<div data-hveid=\"CAsQAA\">\n<div data-md=\"221\" data-hveid=\"CAkQAA\" data-ved=\"2ahUKEwjJ7dyf2-P-AhX5wQIHHf6aC2MQnKEBegQICRAA\">\n<p><strong>Lola Lafon<\/strong><\/p>\n<\/div>\n<\/div>\n<\/div>\n<div class=\"GRl5yb a8pxAe\">\n<div id=\"JTPWx\" class=\"FJIcp\" role=\"tablist\" data-hveid=\"CA0QAA\">Naklada: Leykam<\/div>\n<\/div>\n<hr \/>\n<p>Godina 1984. Cl\u00e9o, trinaestogodi\u0161nja djevoj\u010dica koja \u017eivi u skromnim prilikama sa svojim roditeljima u pari\u0161kom predgra\u0111u, jednoga dana od neke neobi\u010dne Fondacije dobiva stipendiju koja \u0107e joj omogu\u0107iti da ostvari svoj najve\u0107i san: postati plesa\u010dicom <em>modern jazza<\/em>. Me\u0111utim, zapravo se radi o namje\u0161tenoj klopki seksualnih predatora u koju Cl\u00e9o uvla\u010di i neke svoje \u0161kolske prijateljice. Godine 2019. policija na Internetu pronalazi seriju kompromitiraju\u0107ih fotografija i poziva sve \u017ertve Fondacije da se jave i daju iskaz. Cl\u00e9o, koja je u me\u0111uvremenu postala slavnom plesa\u010dicom, shva\u0107a da se pro\u0161lost koja nije pro\u0161la ponovno vra\u0107a i da je vrijeme da se suo\u010di sa svojim dvostrukim teretom \u017ertve i krivca. Roman <em>Chavirer<\/em>\/<em>Sunovrat <\/em>prati razli\u010dite etape njezine sudbine iz o\u010di\u0161ta onih koji su je poznavali dok se njezina osobnost prelama i ponovno po volji sastavlja u sliku na\u0161ih mutantskih identiteta i misterija koji njima vladaju.<\/p>\n<p>Uz bespo\u0161tedno razotkrivanje sustava predatorstva uvjetovana dru\u0161tveno-rasnim podjelama, Lola Lafon u svojemu romanu govori o nemogu\u0107nosti oprosta, ali odaje i <em>hommage<\/em> svijetu varijetea u kojem su obvezni zgr\u010den smije\u0161ak i la\u017ene trepavice, izme\u0111u erotizirana i ispa\u0107ena tijela, \u010dari pozornice i kulisa patnji i bola.<\/p>\n<p>Redovna cijena: 23.80 \u20ac<\/p>\n<p>PFK cijena: 19.00 \u20ac<\/p>\n<p>&nbsp;<\/p>\n","protected":false},"excerpt":{"rendered":"<p>Lola Lafon Naklada: Leykam Godina 1984. Cl\u00e9o, trinaestogodi\u0161nja djevoj\u010dica koja \u017eivi u skromnim prilikama sa svojim roditeljima u pari\u0161kom predgra\u0111u, jednoga dana od neke neobi\u010dne Fondacije dobiva stipendiju koja \u0107e joj omogu\u0107iti da ostvari svoj najve\u0107i san: postati plesa\u010dicom modern jazza. Me\u0111utim, zapravo se radi o namje\u0161tenoj klopki seksualnih predatora u koju Cl\u00e9o uvla\u010di i&#8230;<\/p>\n","protected":false},"featured_media":989510,"template":"","meta":{"_acf_changed":false},"product_cat":[15],"product_tag":[],"class_list":{"0":"post-988591","1":"product","2":"type-product","3":"status-publish","4":"has-post-thumbnail","6":"product_cat-uncategorized","8":"first","9":"instock","10":"shipping-taxable","11":"product-type-simple"},"acf":[],"yoast_head":"<!-- This site is optimized with the Yoast SEO plugin v22.6 - https:\/\/yoast.com\/wordpress\/plugins\/seo\/ -->\n<title>Sunovrat - Panonski festival knjige<\/title>\n<meta name=\"robots\" content=\"index, follow, max-snippet:-1, max-image-preview:large, max-video-preview:-1\" \/>\n<link rel=\"canonical\" href=\"https:\/\/pfk.hr\/2024\/product\/sunovrat\/\" \/>\n<meta property=\"og:locale\" content=\"hr_HR\" \/>\n<meta property=\"og:type\" content=\"article\" \/>\n<meta property=\"og:title\" content=\"Sunovrat - Panonski festival knjige\" \/>\n<meta property=\"og:description\" content=\"Lola Lafon Naklada: Leykam Godina 1984. Cl\u00e9o, trinaestogodi\u0161nja djevoj\u010dica koja \u017eivi u skromnim prilikama sa svojim roditeljima u pari\u0161kom predgra\u0111u, jednoga dana od neke neobi\u010dne Fondacije dobiva stipendiju koja \u0107e joj omogu\u0107iti da ostvari svoj najve\u0107i san: postati plesa\u010dicom modern jazza. Me\u0111utim, zapravo se radi o namje\u0161tenoj klopki seksualnih predatora u koju Cl\u00e9o uvla\u010di i...\" \/>\n<meta property=\"og:url\" content=\"https:\/\/pfk.hr\/2024\/product\/sunovrat\/\" \/>\n<meta property=\"og:site_name\" content=\"Panonski festival knjige\" \/>\n<meta property=\"article:modified_time\" content=\"2024-05-12T16:47:12+00:00\" \/>\n<meta property=\"og:image\" content=\"https:\/\/pfk.hr\/2024\/wp-content\/uploads\/2023\/05\/Lafon_Sunovrat_print-626x1024.jpg\" \/>\n\t<meta property=\"og:image:width\" content=\"626\" \/>\n\t<meta property=\"og:image:height\" content=\"1024\" \/>\n\t<meta property=\"og:image:type\" content=\"image\/jpeg\" \/>\n<meta name=\"twitter:card\" content=\"summary_large_image\" \/>\n<meta name=\"twitter:label1\" content=\"Procijenjeno vrijeme \u010ditanja\" \/>\n\t<meta name=\"twitter:data1\" content=\"2 minute\" \/>\n<script type=\"application\/ld+json\" class=\"yoast-schema-graph\">{\"@context\":\"https:\/\/schema.org\",\"@graph\":[{\"@type\":\"WebPage\",\"@id\":\"https:\/\/pfk.hr\/2024\/product\/sunovrat\/\",\"url\":\"https:\/\/pfk.hr\/2024\/product\/sunovrat\/\",\"name\":\"Sunovrat - Panonski festival knjige\",\"isPartOf\":{\"@id\":\"https:\/\/pfk.hr\/2024\/#website\"},\"primaryImageOfPage\":{\"@id\":\"https:\/\/pfk.hr\/2024\/product\/sunovrat\/#primaryimage\"},\"image\":{\"@id\":\"https:\/\/pfk.hr\/2024\/product\/sunovrat\/#primaryimage\"},\"thumbnailUrl\":\"https:\/\/pfk.hr\/2024\/wp-content\/uploads\/2023\/05\/Lafon_Sunovrat_print.jpg\",\"datePublished\":\"2023-05-13T13:33:45+00:00\",\"dateModified\":\"2024-05-12T16:47:12+00:00\",\"breadcrumb\":{\"@id\":\"https:\/\/pfk.hr\/2024\/product\/sunovrat\/#breadcrumb\"},\"inLanguage\":\"hr\",\"potentialAction\":[{\"@type\":\"ReadAction\",\"target\":[\"https:\/\/pfk.hr\/2024\/product\/sunovrat\/\"]}]},{\"@type\":\"ImageObject\",\"inLanguage\":\"hr\",\"@id\":\"https:\/\/pfk.hr\/2024\/product\/sunovrat\/#primaryimage\",\"url\":\"https:\/\/pfk.hr\/2024\/wp-content\/uploads\/2023\/05\/Lafon_Sunovrat_print.jpg\",\"contentUrl\":\"https:\/\/pfk.hr\/2024\/wp-content\/uploads\/2023\/05\/Lafon_Sunovrat_print.jpg\",\"width\":1524,\"height\":2492},{\"@type\":\"BreadcrumbList\",\"@id\":\"https:\/\/pfk.hr\/2024\/product\/sunovrat\/#breadcrumb\",\"itemListElement\":[{\"@type\":\"ListItem\",\"position\":1,\"name\":\"Po\u010detna stranica\",\"item\":\"https:\/\/pfk.hr\/2024\/\"},{\"@type\":\"ListItem\",\"position\":2,\"name\":\"Preporuka naslova\",\"item\":\"https:\/\/pfk.hr\/2024\/preporuka-naslova\/\"},{\"@type\":\"ListItem\",\"position\":3,\"name\":\"Sunovrat\"}]},{\"@type\":\"WebSite\",\"@id\":\"https:\/\/pfk.hr\/2024\/#website\",\"url\":\"https:\/\/pfk.hr\/2024\/\",\"name\":\"Panonski festival knjige\",\"description\":\"\u010cITAJ, LEGA, \u010cITAJ!\",\"potentialAction\":[{\"@type\":\"SearchAction\",\"target\":{\"@type\":\"EntryPoint\",\"urlTemplate\":\"https:\/\/pfk.hr\/2024\/?s={search_term_string}\"},\"query-input\":\"required name=search_term_string\"}],\"inLanguage\":\"hr\"}]}<\/script>\n<!-- \/ Yoast SEO plugin. -->","yoast_head_json":{"title":"Sunovrat - Panonski festival knjige","robots":{"index":"index","follow":"follow","max-snippet":"max-snippet:-1","max-image-preview":"max-image-preview:large","max-video-preview":"max-video-preview:-1"},"canonical":"https:\/\/pfk.hr\/2024\/product\/sunovrat\/","og_locale":"hr_HR","og_type":"article","og_title":"Sunovrat - Panonski festival knjige","og_description":"Lola Lafon Naklada: Leykam Godina 1984. Cl\u00e9o, trinaestogodi\u0161nja djevoj\u010dica koja \u017eivi u skromnim prilikama sa svojim roditeljima u pari\u0161kom predgra\u0111u, jednoga dana od neke neobi\u010dne Fondacije dobiva stipendiju koja \u0107e joj omogu\u0107iti da ostvari svoj najve\u0107i san: postati plesa\u010dicom modern jazza. Me\u0111utim, zapravo se radi o namje\u0161tenoj klopki seksualnih predatora u koju Cl\u00e9o uvla\u010di i...","og_url":"https:\/\/pfk.hr\/2024\/product\/sunovrat\/","og_site_name":"Panonski festival knjige","article_modified_time":"2024-05-12T16:47:12+00:00","og_image":[{"width":626,"height":1024,"url":"https:\/\/pfk.hr\/2024\/wp-content\/uploads\/2023\/05\/Lafon_Sunovrat_print-626x1024.jpg","type":"image\/jpeg"}],"twitter_card":"summary_large_image","twitter_misc":{"Procijenjeno vrijeme \u010ditanja":"2 minute"},"schema":{"@context":"https:\/\/schema.org","@graph":[{"@type":"WebPage","@id":"https:\/\/pfk.hr\/2024\/product\/sunovrat\/","url":"https:\/\/pfk.hr\/2024\/product\/sunovrat\/","name":"Sunovrat - Panonski festival knjige","isPartOf":{"@id":"https:\/\/pfk.hr\/2024\/#website"},"primaryImageOfPage":{"@id":"https:\/\/pfk.hr\/2024\/product\/sunovrat\/#primaryimage"},"image":{"@id":"https:\/\/pfk.hr\/2024\/product\/sunovrat\/#primaryimage"},"thumbnailUrl":"https:\/\/pfk.hr\/2024\/wp-content\/uploads\/2023\/05\/Lafon_Sunovrat_print.jpg","datePublished":"2023-05-13T13:33:45+00:00","dateModified":"2024-05-12T16:47:12+00:00","breadcrumb":{"@id":"https:\/\/pfk.hr\/2024\/product\/sunovrat\/#breadcrumb"},"inLanguage":"hr","potentialAction":[{"@type":"ReadAction","target":["https:\/\/pfk.hr\/2024\/product\/sunovrat\/"]}]},{"@type":"ImageObject","inLanguage":"hr","@id":"https:\/\/pfk.hr\/2024\/product\/sunovrat\/#primaryimage","url":"https:\/\/pfk.hr\/2024\/wp-content\/uploads\/2023\/05\/Lafon_Sunovrat_print.jpg","contentUrl":"https:\/\/pfk.hr\/2024\/wp-content\/uploads\/2023\/05\/Lafon_Sunovrat_print.jpg","width":1524,"height":2492},{"@type":"BreadcrumbList","@id":"https:\/\/pfk.hr\/2024\/product\/sunovrat\/#breadcrumb","itemListElement":[{"@type":"ListItem","position":1,"name":"Po\u010detna stranica","item":"https:\/\/pfk.hr\/2024\/"},{"@type":"ListItem","position":2,"name":"Preporuka naslova","item":"https:\/\/pfk.hr\/2024\/preporuka-naslova\/"},{"@type":"ListItem","position":3,"name":"Sunovrat"}]},{"@type":"WebSite","@id":"https:\/\/pfk.hr\/2024\/#website","url":"https:\/\/pfk.hr\/2024\/","name":"Panonski festival knjige","description":"\u010cITAJ, LEGA, \u010cITAJ!","potentialAction":[{"@type":"SearchAction","target":{"@type":"EntryPoint","urlTemplate":"https:\/\/pfk.hr\/2024\/?s={search_term_string}"},"query-input":"required name=search_term_string"}],"inLanguage":"hr"}]}},"_links":{"self":[{"href":"https:\/\/pfk.hr\/2024\/wp-json\/wp\/v2\/product\/988591","targetHints":{"allow":["GET"]}}],"collection":[{"href":"https:\/\/pfk.hr\/2024\/wp-json\/wp\/v2\/product"}],"about":[{"href":"https:\/\/pfk.hr\/2024\/wp-json\/wp\/v2\/types\/product"}],"wp:featuredmedia":[{"embeddable":true,"href":"https:\/\/pfk.hr\/2024\/wp-json\/wp\/v2\/media\/989510"}],"wp:attachment":[{"href":"https:\/\/pfk.hr\/2024\/wp-json\/wp\/v2\/media?parent=988591"}],"wp:term":[{"taxonomy":"product_cat","embeddable":true,"href":"https:\/\/pfk.hr\/2024\/wp-json\/wp\/v2\/product_cat?post=988591"},{"taxonomy":"product_tag","embeddable":true,"href":"https:\/\/pfk.hr\/2024\/wp-json\/wp\/v2\/product_tag?post=988591"}],"curies":[{"name":"wp","href":"https:\/\/api.w.org\/{rel}","templated":true}]}}