{"id":988475,"date":"2023-05-09T22:18:12","date_gmt":"2023-05-09T20:18:12","guid":{"rendered":"https:\/\/pfk.hr\/?post_type=product&#038;p=988475"},"modified":"2024-05-14T19:06:08","modified_gmt":"2024-05-14T17:06:08","slug":"zbogom-postjugoslavenstvu","status":"publish","type":"product","link":"https:\/\/pfk.hr\/2024\/product\/zbogom-postjugoslavenstvu\/","title":{"rendered":"Zbogom postjugoslavenstvu!"},"content":{"rendered":"<div class=\"hHq9Z\">\n<div data-hveid=\"CAsQAA\">\n<div class=\"gyEfO\">\n<div class=\"wDYxhc NFQFxe viOShc LKPcQc\" data-md=\"221\" data-hveid=\"CAkQAA\" data-ved=\"2ahUKEwjJ7dyf2-P-AhX5wQIHHf6aC2MQnKEBegQICRAA\">\n<div class=\"ZxoDOe yGdMVd\">\n<div class=\"UFE1qd\">\n<div class=\"EGmpye\">\n<p><strong>Mirjana Kasapovi\u0107<\/strong><\/p>\n<\/div>\n<\/div>\n<\/div>\n<\/div>\n<\/div>\n<\/div>\n<\/div>\n<div class=\"GRl5yb a8pxAe\">\n<div id=\"JTPWx\" class=\"FJIcp\" role=\"tablist\" data-hveid=\"CA0QAA\">Naklada: \u0160kolska knjiga<\/div>\n<\/div>\n<hr \/>\n<p>Knjiga nudi detaljan prikaz povijesti Jugoslavije, dr\u017eave koja se dvaput formirala i raspala u istom stolje\u0107u, a imala je razli\u010dite politi\u010dke i gospodarske sustave u poku\u0161ajima da odr\u017ei svoju stabilnost. Autorica istra\u017euje kako doma\u0107i i me\u0111unarodni \u010dimbenici, uklju\u010duju\u0107i vanjsku politiku i masovne zlo\u010dine, nisu uspjeli sprije\u010diti kona\u010dni raspad te dr\u017eave unato\u010d razli\u010ditim oblicima upravljanja, od monarhije do socijalizma. Knjiga je i kriti\u010dki osvrt na postjugoslavenske studije i nastojanja da se o\u010duva sje\u0107anje na Jugoslaviju, a autorica upozorava na politi\u010dku i kulturnu mitologizaciju biv\u0161e dr\u017eave.<\/p>\n<p>Redovna cijena: 23.00 \u20ac<\/p>\n<p>PFK cijena: 20.70 \u20ac<\/p>\n","protected":false},"excerpt":{"rendered":"<p>Mirjana Kasapovi\u0107 Naklada: \u0160kolska knjiga Knjiga nudi detaljan prikaz povijesti Jugoslavije, dr\u017eave koja se dvaput formirala i raspala u istom stolje\u0107u, a imala je razli\u010dite politi\u010dke i gospodarske sustave u poku\u0161ajima da odr\u017ei svoju stabilnost. Autorica istra\u017euje kako doma\u0107i i me\u0111unarodni \u010dimbenici, uklju\u010duju\u0107i vanjsku politiku i masovne zlo\u010dine, nisu uspjeli sprije\u010diti kona\u010dni raspad te dr\u017eave&#8230;<\/p>\n","protected":false},"featured_media":989616,"template":"","meta":{"_acf_changed":false},"product_cat":[86],"product_tag":[],"class_list":{"0":"post-988475","1":"product","2":"type-product","3":"status-publish","4":"has-post-thumbnail","6":"product_cat-knjige","8":"first","9":"instock","10":"shipping-taxable","11":"product-type-simple"},"acf":[],"yoast_head":"<!-- This site is optimized with the Yoast SEO plugin v22.6 - https:\/\/yoast.com\/wordpress\/plugins\/seo\/ -->\n<title>Zbogom postjugoslavenstvu! - Panonski festival knjige<\/title>\n<meta name=\"robots\" content=\"index, follow, max-snippet:-1, max-image-preview:large, max-video-preview:-1\" \/>\n<link rel=\"canonical\" href=\"https:\/\/pfk.hr\/2024\/product\/zbogom-postjugoslavenstvu\/\" \/>\n<meta property=\"og:locale\" content=\"hr_HR\" \/>\n<meta property=\"og:type\" content=\"article\" \/>\n<meta property=\"og:title\" content=\"Zbogom postjugoslavenstvu! - Panonski festival knjige\" \/>\n<meta property=\"og:description\" content=\"Mirjana Kasapovi\u0107 Naklada: \u0160kolska knjiga Knjiga nudi detaljan prikaz povijesti Jugoslavije, dr\u017eave koja se dvaput formirala i raspala u istom stolje\u0107u, a imala je razli\u010dite politi\u010dke i gospodarske sustave u poku\u0161ajima da odr\u017ei svoju stabilnost. Autorica istra\u017euje kako doma\u0107i i me\u0111unarodni \u010dimbenici, uklju\u010duju\u0107i vanjsku politiku i masovne zlo\u010dine, nisu uspjeli sprije\u010diti kona\u010dni raspad te dr\u017eave...\" \/>\n<meta property=\"og:url\" content=\"https:\/\/pfk.hr\/2024\/product\/zbogom-postjugoslavenstvu\/\" \/>\n<meta property=\"og:site_name\" content=\"Panonski festival knjige\" \/>\n<meta property=\"article:modified_time\" content=\"2024-05-14T17:06:08+00:00\" \/>\n<meta property=\"og:image\" content=\"https:\/\/pfk.hr\/2024\/wp-content\/uploads\/2023\/05\/image_67149825-scaled.jpg\" \/>\n\t<meta property=\"og:image:width\" content=\"1920\" \/>\n\t<meta property=\"og:image:height\" content=\"2560\" \/>\n\t<meta property=\"og:image:type\" content=\"image\/jpeg\" \/>\n<meta name=\"twitter:card\" content=\"summary_large_image\" \/>\n<meta name=\"twitter:label1\" content=\"Procijenjeno vrijeme \u010ditanja\" \/>\n\t<meta name=\"twitter:data1\" content=\"1 minuta\" \/>\n<script type=\"application\/ld+json\" class=\"yoast-schema-graph\">{\"@context\":\"https:\/\/schema.org\",\"@graph\":[{\"@type\":\"WebPage\",\"@id\":\"https:\/\/pfk.hr\/2024\/product\/zbogom-postjugoslavenstvu\/\",\"url\":\"https:\/\/pfk.hr\/2024\/product\/zbogom-postjugoslavenstvu\/\",\"name\":\"Zbogom postjugoslavenstvu! - Panonski festival knjige\",\"isPartOf\":{\"@id\":\"https:\/\/pfk.hr\/2024\/#website\"},\"primaryImageOfPage\":{\"@id\":\"https:\/\/pfk.hr\/2024\/product\/zbogom-postjugoslavenstvu\/#primaryimage\"},\"image\":{\"@id\":\"https:\/\/pfk.hr\/2024\/product\/zbogom-postjugoslavenstvu\/#primaryimage\"},\"thumbnailUrl\":\"https:\/\/pfk.hr\/2024\/wp-content\/uploads\/2023\/05\/image_67149825-scaled.jpg\",\"datePublished\":\"2023-05-09T20:18:12+00:00\",\"dateModified\":\"2024-05-14T17:06:08+00:00\",\"breadcrumb\":{\"@id\":\"https:\/\/pfk.hr\/2024\/product\/zbogom-postjugoslavenstvu\/#breadcrumb\"},\"inLanguage\":\"hr\",\"potentialAction\":[{\"@type\":\"ReadAction\",\"target\":[\"https:\/\/pfk.hr\/2024\/product\/zbogom-postjugoslavenstvu\/\"]}]},{\"@type\":\"ImageObject\",\"inLanguage\":\"hr\",\"@id\":\"https:\/\/pfk.hr\/2024\/product\/zbogom-postjugoslavenstvu\/#primaryimage\",\"url\":\"https:\/\/pfk.hr\/2024\/wp-content\/uploads\/2023\/05\/image_67149825-scaled.jpg\",\"contentUrl\":\"https:\/\/pfk.hr\/2024\/wp-content\/uploads\/2023\/05\/image_67149825-scaled.jpg\",\"width\":1920,\"height\":2560},{\"@type\":\"BreadcrumbList\",\"@id\":\"https:\/\/pfk.hr\/2024\/product\/zbogom-postjugoslavenstvu\/#breadcrumb\",\"itemListElement\":[{\"@type\":\"ListItem\",\"position\":1,\"name\":\"Po\u010detna stranica\",\"item\":\"https:\/\/pfk.hr\/2024\/\"},{\"@type\":\"ListItem\",\"position\":2,\"name\":\"Preporuka naslova\",\"item\":\"https:\/\/pfk.hr\/2024\/preporuka-naslova\/\"},{\"@type\":\"ListItem\",\"position\":3,\"name\":\"Zbogom postjugoslavenstvu!\"}]},{\"@type\":\"WebSite\",\"@id\":\"https:\/\/pfk.hr\/2024\/#website\",\"url\":\"https:\/\/pfk.hr\/2024\/\",\"name\":\"Panonski festival knjige\",\"description\":\"\u010cITAJ, LEGA, \u010cITAJ!\",\"potentialAction\":[{\"@type\":\"SearchAction\",\"target\":{\"@type\":\"EntryPoint\",\"urlTemplate\":\"https:\/\/pfk.hr\/2024\/?s={search_term_string}\"},\"query-input\":\"required name=search_term_string\"}],\"inLanguage\":\"hr\"}]}<\/script>\n<!-- \/ Yoast SEO plugin. -->","yoast_head_json":{"title":"Zbogom postjugoslavenstvu! - Panonski festival knjige","robots":{"index":"index","follow":"follow","max-snippet":"max-snippet:-1","max-image-preview":"max-image-preview:large","max-video-preview":"max-video-preview:-1"},"canonical":"https:\/\/pfk.hr\/2024\/product\/zbogom-postjugoslavenstvu\/","og_locale":"hr_HR","og_type":"article","og_title":"Zbogom postjugoslavenstvu! - Panonski festival knjige","og_description":"Mirjana Kasapovi\u0107 Naklada: \u0160kolska knjiga Knjiga nudi detaljan prikaz povijesti Jugoslavije, dr\u017eave koja se dvaput formirala i raspala u istom stolje\u0107u, a imala je razli\u010dite politi\u010dke i gospodarske sustave u poku\u0161ajima da odr\u017ei svoju stabilnost. Autorica istra\u017euje kako doma\u0107i i me\u0111unarodni \u010dimbenici, uklju\u010duju\u0107i vanjsku politiku i masovne zlo\u010dine, nisu uspjeli sprije\u010diti kona\u010dni raspad te dr\u017eave...","og_url":"https:\/\/pfk.hr\/2024\/product\/zbogom-postjugoslavenstvu\/","og_site_name":"Panonski festival knjige","article_modified_time":"2024-05-14T17:06:08+00:00","og_image":[{"width":1920,"height":2560,"url":"https:\/\/pfk.hr\/2024\/wp-content\/uploads\/2023\/05\/image_67149825-scaled.jpg","type":"image\/jpeg"}],"twitter_card":"summary_large_image","twitter_misc":{"Procijenjeno vrijeme \u010ditanja":"1 minuta"},"schema":{"@context":"https:\/\/schema.org","@graph":[{"@type":"WebPage","@id":"https:\/\/pfk.hr\/2024\/product\/zbogom-postjugoslavenstvu\/","url":"https:\/\/pfk.hr\/2024\/product\/zbogom-postjugoslavenstvu\/","name":"Zbogom postjugoslavenstvu! - Panonski festival knjige","isPartOf":{"@id":"https:\/\/pfk.hr\/2024\/#website"},"primaryImageOfPage":{"@id":"https:\/\/pfk.hr\/2024\/product\/zbogom-postjugoslavenstvu\/#primaryimage"},"image":{"@id":"https:\/\/pfk.hr\/2024\/product\/zbogom-postjugoslavenstvu\/#primaryimage"},"thumbnailUrl":"https:\/\/pfk.hr\/2024\/wp-content\/uploads\/2023\/05\/image_67149825-scaled.jpg","datePublished":"2023-05-09T20:18:12+00:00","dateModified":"2024-05-14T17:06:08+00:00","breadcrumb":{"@id":"https:\/\/pfk.hr\/2024\/product\/zbogom-postjugoslavenstvu\/#breadcrumb"},"inLanguage":"hr","potentialAction":[{"@type":"ReadAction","target":["https:\/\/pfk.hr\/2024\/product\/zbogom-postjugoslavenstvu\/"]}]},{"@type":"ImageObject","inLanguage":"hr","@id":"https:\/\/pfk.hr\/2024\/product\/zbogom-postjugoslavenstvu\/#primaryimage","url":"https:\/\/pfk.hr\/2024\/wp-content\/uploads\/2023\/05\/image_67149825-scaled.jpg","contentUrl":"https:\/\/pfk.hr\/2024\/wp-content\/uploads\/2023\/05\/image_67149825-scaled.jpg","width":1920,"height":2560},{"@type":"BreadcrumbList","@id":"https:\/\/pfk.hr\/2024\/product\/zbogom-postjugoslavenstvu\/#breadcrumb","itemListElement":[{"@type":"ListItem","position":1,"name":"Po\u010detna stranica","item":"https:\/\/pfk.hr\/2024\/"},{"@type":"ListItem","position":2,"name":"Preporuka naslova","item":"https:\/\/pfk.hr\/2024\/preporuka-naslova\/"},{"@type":"ListItem","position":3,"name":"Zbogom postjugoslavenstvu!"}]},{"@type":"WebSite","@id":"https:\/\/pfk.hr\/2024\/#website","url":"https:\/\/pfk.hr\/2024\/","name":"Panonski festival knjige","description":"\u010cITAJ, LEGA, \u010cITAJ!","potentialAction":[{"@type":"SearchAction","target":{"@type":"EntryPoint","urlTemplate":"https:\/\/pfk.hr\/2024\/?s={search_term_string}"},"query-input":"required name=search_term_string"}],"inLanguage":"hr"}]}},"_links":{"self":[{"href":"https:\/\/pfk.hr\/2024\/wp-json\/wp\/v2\/product\/988475","targetHints":{"allow":["GET"]}}],"collection":[{"href":"https:\/\/pfk.hr\/2024\/wp-json\/wp\/v2\/product"}],"about":[{"href":"https:\/\/pfk.hr\/2024\/wp-json\/wp\/v2\/types\/product"}],"wp:featuredmedia":[{"embeddable":true,"href":"https:\/\/pfk.hr\/2024\/wp-json\/wp\/v2\/media\/989616"}],"wp:attachment":[{"href":"https:\/\/pfk.hr\/2024\/wp-json\/wp\/v2\/media?parent=988475"}],"wp:term":[{"taxonomy":"product_cat","embeddable":true,"href":"https:\/\/pfk.hr\/2024\/wp-json\/wp\/v2\/product_cat?post=988475"},{"taxonomy":"product_tag","embeddable":true,"href":"https:\/\/pfk.hr\/2024\/wp-json\/wp\/v2\/product_tag?post=988475"}],"curies":[{"name":"wp","href":"https:\/\/api.w.org\/{rel}","templated":true}]}}