{"id":988449,"date":"2023-05-09T21:46:03","date_gmt":"2023-05-09T19:46:03","guid":{"rendered":"https:\/\/pfk.hr\/?post_type=product&#038;p=988449"},"modified":"2024-05-13T19:35:15","modified_gmt":"2024-05-13T17:35:15","slug":"filozofija-nade","status":"publish","type":"product","link":"https:\/\/pfk.hr\/2024\/product\/filozofija-nade\/","title":{"rendered":"Filozofija nade"},"content":{"rendered":"<div class=\"hHq9Z\">\n<div data-hveid=\"CAsQAA\">\n<div class=\"gyEfO\">\n<div class=\"wDYxhc NFQFxe viOShc LKPcQc\" data-md=\"221\" data-hveid=\"CAkQAA\" data-ved=\"2ahUKEwjJ7dyf2-P-AhX5wQIHHf6aC2MQnKEBegQICRAA\">\n<div class=\"ZxoDOe yGdMVd\">\n<div class=\"UFE1qd\">\n<div class=\"EGmpye\">\n<p><strong>Lars Fr. H. Svendsen<\/strong><\/p>\n<\/div>\n<\/div>\n<\/div>\n<\/div>\n<\/div>\n<\/div>\n<\/div>\n<div class=\"GRl5yb a8pxAe\">\n<div id=\"JTPWx\" class=\"FJIcp\" role=\"tablist\" data-hveid=\"CA0QAA\">Naklada: TIM press<\/div>\n<\/div>\n<hr \/>\n<p>Me\u0111unarodno priznati filozof Lars Fr. H. Svendsen nakon straha, zla, dosade, slobode, usamljenosti i la\u017ei istra\u017euje nadu \u2013 i to ne bez razloga. Nada je preduvjet za \u017eivot vrijedan \u017eivljenja \u2013 u \u017eivotu ispunjenom ku\u0161njama, nada je ono \u0161to \u010dovjeka mo\u017ee usmjeriti i motivirati ga da ih nadi\u0111e. Recentna zbivanja u Europi ponukala su autora na promi\u0161ljanje filozofskih aspekata nade kao fenomena koji svakom pojedincu nosi razli\u010dita zna\u010denja i vrijednosti. Svendsen nadu smatra neizbje\u017enom u normalnom ljudskom \u017eivotu, no je li ona blagoslov ili prokletstvo, nije sasvim jasno.<br \/>\nU <em>Filozofiji nade <\/em>autor nas na pronicljiv i duhovit na\u010din vodi na putovanje kroz povijest filozofije i analizira \u0161to su najistaknutiji mislioci napisali o nadi, potvr\u0111uju\u0107i tako status jednog od najva\u017enijih filozofa dana\u0161njice.<\/p>\n<p>Redovna cijena: 14.00 \u20ac<\/p>\n<p>PFK cijena: 11.00 \u20ac<\/p>\n","protected":false},"excerpt":{"rendered":"<p>Lars Fr. H. Svendsen Naklada: TIM press Me\u0111unarodno priznati filozof Lars Fr. H. Svendsen nakon straha, zla, dosade, slobode, usamljenosti i la\u017ei istra\u017euje nadu \u2013 i to ne bez razloga. Nada je preduvjet za \u017eivot vrijedan \u017eivljenja \u2013 u \u017eivotu ispunjenom ku\u0161njama, nada je ono \u0161to \u010dovjeka mo\u017ee usmjeriti i motivirati ga da ih nadi\u0111e&#8230;.<\/p>\n","protected":false},"featured_media":989641,"template":"","meta":{"_acf_changed":false},"product_cat":[86],"product_tag":[],"class_list":{"0":"post-988449","1":"product","2":"type-product","3":"status-publish","4":"has-post-thumbnail","6":"product_cat-knjige","8":"first","9":"instock","10":"shipping-taxable","11":"product-type-simple"},"acf":[],"yoast_head":"<!-- This site is optimized with the Yoast SEO plugin v22.6 - https:\/\/yoast.com\/wordpress\/plugins\/seo\/ -->\n<title>Filozofija nade - Panonski festival knjige<\/title>\n<meta name=\"robots\" content=\"index, follow, max-snippet:-1, max-image-preview:large, max-video-preview:-1\" \/>\n<link rel=\"canonical\" href=\"https:\/\/pfk.hr\/2024\/product\/filozofija-nade\/\" \/>\n<meta property=\"og:locale\" content=\"hr_HR\" \/>\n<meta property=\"og:type\" content=\"article\" \/>\n<meta property=\"og:title\" content=\"Filozofija nade - Panonski festival knjige\" \/>\n<meta property=\"og:description\" content=\"Lars Fr. H. Svendsen Naklada: TIM press Me\u0111unarodno priznati filozof Lars Fr. H. Svendsen nakon straha, zla, dosade, slobode, usamljenosti i la\u017ei istra\u017euje nadu \u2013 i to ne bez razloga. Nada je preduvjet za \u017eivot vrijedan \u017eivljenja \u2013 u \u017eivotu ispunjenom ku\u0161njama, nada je ono \u0161to \u010dovjeka mo\u017ee usmjeriti i motivirati ga da ih nadi\u0111e....\" \/>\n<meta property=\"og:url\" content=\"https:\/\/pfk.hr\/2024\/product\/filozofija-nade\/\" \/>\n<meta property=\"og:site_name\" content=\"Panonski festival knjige\" \/>\n<meta property=\"article:modified_time\" content=\"2024-05-13T17:35:15+00:00\" \/>\n<meta property=\"og:image\" content=\"https:\/\/pfk.hr\/2024\/wp-content\/uploads\/2023\/05\/Filozofija_nade_korice_003_prednja.jpg\" \/>\n\t<meta property=\"og:image:width\" content=\"1373\" \/>\n\t<meta property=\"og:image:height\" content=\"2185\" \/>\n\t<meta property=\"og:image:type\" content=\"image\/jpeg\" \/>\n<meta name=\"twitter:card\" content=\"summary_large_image\" \/>\n<meta name=\"twitter:label1\" content=\"Procijenjeno vrijeme \u010ditanja\" \/>\n\t<meta name=\"twitter:data1\" content=\"1 minuta\" \/>\n<script type=\"application\/ld+json\" class=\"yoast-schema-graph\">{\"@context\":\"https:\/\/schema.org\",\"@graph\":[{\"@type\":\"WebPage\",\"@id\":\"https:\/\/pfk.hr\/2024\/product\/filozofija-nade\/\",\"url\":\"https:\/\/pfk.hr\/2024\/product\/filozofija-nade\/\",\"name\":\"Filozofija nade - Panonski festival knjige\",\"isPartOf\":{\"@id\":\"https:\/\/pfk.hr\/2024\/#website\"},\"primaryImageOfPage\":{\"@id\":\"https:\/\/pfk.hr\/2024\/product\/filozofija-nade\/#primaryimage\"},\"image\":{\"@id\":\"https:\/\/pfk.hr\/2024\/product\/filozofija-nade\/#primaryimage\"},\"thumbnailUrl\":\"https:\/\/pfk.hr\/2024\/wp-content\/uploads\/2023\/05\/Filozofija_nade_korice_003_prednja.jpg\",\"datePublished\":\"2023-05-09T19:46:03+00:00\",\"dateModified\":\"2024-05-13T17:35:15+00:00\",\"breadcrumb\":{\"@id\":\"https:\/\/pfk.hr\/2024\/product\/filozofija-nade\/#breadcrumb\"},\"inLanguage\":\"hr\",\"potentialAction\":[{\"@type\":\"ReadAction\",\"target\":[\"https:\/\/pfk.hr\/2024\/product\/filozofija-nade\/\"]}]},{\"@type\":\"ImageObject\",\"inLanguage\":\"hr\",\"@id\":\"https:\/\/pfk.hr\/2024\/product\/filozofija-nade\/#primaryimage\",\"url\":\"https:\/\/pfk.hr\/2024\/wp-content\/uploads\/2023\/05\/Filozofija_nade_korice_003_prednja.jpg\",\"contentUrl\":\"https:\/\/pfk.hr\/2024\/wp-content\/uploads\/2023\/05\/Filozofija_nade_korice_003_prednja.jpg\",\"width\":1373,\"height\":2185},{\"@type\":\"BreadcrumbList\",\"@id\":\"https:\/\/pfk.hr\/2024\/product\/filozofija-nade\/#breadcrumb\",\"itemListElement\":[{\"@type\":\"ListItem\",\"position\":1,\"name\":\"Po\u010detna stranica\",\"item\":\"https:\/\/pfk.hr\/2024\/\"},{\"@type\":\"ListItem\",\"position\":2,\"name\":\"Preporuka naslova\",\"item\":\"https:\/\/pfk.hr\/2024\/preporuka-naslova\/\"},{\"@type\":\"ListItem\",\"position\":3,\"name\":\"Filozofija nade\"}]},{\"@type\":\"WebSite\",\"@id\":\"https:\/\/pfk.hr\/2024\/#website\",\"url\":\"https:\/\/pfk.hr\/2024\/\",\"name\":\"Panonski festival knjige\",\"description\":\"\u010cITAJ, LEGA, \u010cITAJ!\",\"potentialAction\":[{\"@type\":\"SearchAction\",\"target\":{\"@type\":\"EntryPoint\",\"urlTemplate\":\"https:\/\/pfk.hr\/2024\/?s={search_term_string}\"},\"query-input\":\"required name=search_term_string\"}],\"inLanguage\":\"hr\"}]}<\/script>\n<!-- \/ Yoast SEO plugin. -->","yoast_head_json":{"title":"Filozofija nade - Panonski festival knjige","robots":{"index":"index","follow":"follow","max-snippet":"max-snippet:-1","max-image-preview":"max-image-preview:large","max-video-preview":"max-video-preview:-1"},"canonical":"https:\/\/pfk.hr\/2024\/product\/filozofija-nade\/","og_locale":"hr_HR","og_type":"article","og_title":"Filozofija nade - Panonski festival knjige","og_description":"Lars Fr. H. Svendsen Naklada: TIM press Me\u0111unarodno priznati filozof Lars Fr. H. Svendsen nakon straha, zla, dosade, slobode, usamljenosti i la\u017ei istra\u017euje nadu \u2013 i to ne bez razloga. Nada je preduvjet za \u017eivot vrijedan \u017eivljenja \u2013 u \u017eivotu ispunjenom ku\u0161njama, nada je ono \u0161to \u010dovjeka mo\u017ee usmjeriti i motivirati ga da ih nadi\u0111e....","og_url":"https:\/\/pfk.hr\/2024\/product\/filozofija-nade\/","og_site_name":"Panonski festival knjige","article_modified_time":"2024-05-13T17:35:15+00:00","og_image":[{"width":1373,"height":2185,"url":"https:\/\/pfk.hr\/2024\/wp-content\/uploads\/2023\/05\/Filozofija_nade_korice_003_prednja.jpg","type":"image\/jpeg"}],"twitter_card":"summary_large_image","twitter_misc":{"Procijenjeno vrijeme \u010ditanja":"1 minuta"},"schema":{"@context":"https:\/\/schema.org","@graph":[{"@type":"WebPage","@id":"https:\/\/pfk.hr\/2024\/product\/filozofija-nade\/","url":"https:\/\/pfk.hr\/2024\/product\/filozofija-nade\/","name":"Filozofija nade - Panonski festival knjige","isPartOf":{"@id":"https:\/\/pfk.hr\/2024\/#website"},"primaryImageOfPage":{"@id":"https:\/\/pfk.hr\/2024\/product\/filozofija-nade\/#primaryimage"},"image":{"@id":"https:\/\/pfk.hr\/2024\/product\/filozofija-nade\/#primaryimage"},"thumbnailUrl":"https:\/\/pfk.hr\/2024\/wp-content\/uploads\/2023\/05\/Filozofija_nade_korice_003_prednja.jpg","datePublished":"2023-05-09T19:46:03+00:00","dateModified":"2024-05-13T17:35:15+00:00","breadcrumb":{"@id":"https:\/\/pfk.hr\/2024\/product\/filozofija-nade\/#breadcrumb"},"inLanguage":"hr","potentialAction":[{"@type":"ReadAction","target":["https:\/\/pfk.hr\/2024\/product\/filozofija-nade\/"]}]},{"@type":"ImageObject","inLanguage":"hr","@id":"https:\/\/pfk.hr\/2024\/product\/filozofija-nade\/#primaryimage","url":"https:\/\/pfk.hr\/2024\/wp-content\/uploads\/2023\/05\/Filozofija_nade_korice_003_prednja.jpg","contentUrl":"https:\/\/pfk.hr\/2024\/wp-content\/uploads\/2023\/05\/Filozofija_nade_korice_003_prednja.jpg","width":1373,"height":2185},{"@type":"BreadcrumbList","@id":"https:\/\/pfk.hr\/2024\/product\/filozofija-nade\/#breadcrumb","itemListElement":[{"@type":"ListItem","position":1,"name":"Po\u010detna stranica","item":"https:\/\/pfk.hr\/2024\/"},{"@type":"ListItem","position":2,"name":"Preporuka naslova","item":"https:\/\/pfk.hr\/2024\/preporuka-naslova\/"},{"@type":"ListItem","position":3,"name":"Filozofija nade"}]},{"@type":"WebSite","@id":"https:\/\/pfk.hr\/2024\/#website","url":"https:\/\/pfk.hr\/2024\/","name":"Panonski festival knjige","description":"\u010cITAJ, LEGA, \u010cITAJ!","potentialAction":[{"@type":"SearchAction","target":{"@type":"EntryPoint","urlTemplate":"https:\/\/pfk.hr\/2024\/?s={search_term_string}"},"query-input":"required name=search_term_string"}],"inLanguage":"hr"}]}},"_links":{"self":[{"href":"https:\/\/pfk.hr\/2024\/wp-json\/wp\/v2\/product\/988449","targetHints":{"allow":["GET"]}}],"collection":[{"href":"https:\/\/pfk.hr\/2024\/wp-json\/wp\/v2\/product"}],"about":[{"href":"https:\/\/pfk.hr\/2024\/wp-json\/wp\/v2\/types\/product"}],"wp:featuredmedia":[{"embeddable":true,"href":"https:\/\/pfk.hr\/2024\/wp-json\/wp\/v2\/media\/989641"}],"wp:attachment":[{"href":"https:\/\/pfk.hr\/2024\/wp-json\/wp\/v2\/media?parent=988449"}],"wp:term":[{"taxonomy":"product_cat","embeddable":true,"href":"https:\/\/pfk.hr\/2024\/wp-json\/wp\/v2\/product_cat?post=988449"},{"taxonomy":"product_tag","embeddable":true,"href":"https:\/\/pfk.hr\/2024\/wp-json\/wp\/v2\/product_tag?post=988449"}],"curies":[{"name":"wp","href":"https:\/\/api.w.org\/{rel}","templated":true}]}}