{"id":988457,"date":"2023-05-09T21:59:07","date_gmt":"2023-05-09T19:59:07","guid":{"rendered":"https:\/\/pfk.hr\/?post_type=product&#038;p=988457"},"modified":"2023-05-10T23:43:08","modified_gmt":"2023-05-10T21:43:08","slug":"vatrozid","status":"publish","type":"product","link":"https:\/\/pfk.hr\/2023\/product\/vatrozid\/","title":{"rendered":"Vatrozid"},"content":{"rendered":"<div class=\"hHq9Z\">\n<div data-hveid=\"CAsQAA\">\n<div class=\"gyEfO\">\n<div class=\"wDYxhc NFQFxe viOShc LKPcQc\" data-md=\"221\" data-hveid=\"CAkQAA\" data-ved=\"2ahUKEwjJ7dyf2-P-AhX5wQIHHf6aC2MQnKEBegQICRAA\">\n<div class=\"ZxoDOe yGdMVd\">\n<div class=\"UFE1qd\">\n<div class=\"EGmpye\">\n<p><strong>Henning Mankell<\/strong><\/p>\n<\/div>\n<\/div>\n<\/div>\n<\/div>\n<\/div>\n<\/div>\n<\/div>\n<div class=\"GRl5yb a8pxAe\">\n<div id=\"JTPWx\" class=\"FJIcp\" role=\"tablist\" data-hveid=\"CA0QAA\">Naklada: Mozaik knjiga<\/div>\n<\/div>\n<hr \/>\n<p style=\"text-align: left;\">U poku\u0161aju da podigne novce s bankomata, \u010dovjek pada mrtav. Taksist je brutalno ubijen, a dvije tinejd\u017eerice odgovorne za zlo\u010din ne pokazuju nikakvu gri\u017enju savjesti. Jedna od djevojaka uspjela je pobje\u0107i policiji i nestaje bez traga. Nedugo nakon toga, nestanak struje u mraku \u0107e ostaviti pola zemlje. Kada in\u017eenjer stigne do neispravne elektrane, dolazi do jezivog otkri\u0107a&#8230;<\/p>\n<p style=\"text-align: left;\">Inspektor Kurt Wallander uvjeren je da ovi doga\u0111aji moraju biti nekako povezani, ali \u010dini se da u ovoj potrazi, koja nadilazi granice \u0160vedske, zlo\u010dinci uvijek znaju njegov idu\u0107i potez. Ometen otkri\u0107em izdaje u vlastitom timu, usamljen i frustriran, Wallander po\u010dinje gubiti vjeru u svoju ulogu detektiva.<\/p>\n<p><a href=\"https:\/\/mozaik-knjiga.hr\/proizvod\/vatrozid\/\" target=\"_blank\" rel=\"noopener\">Saznajte vi\u0161e&#8230;<\/a><\/p>\n<hr \/>\n<p>REDOVNA CIJENA: 22,90 \u20ac \/ 172,54 kn<br \/>\n<strong><span style=\"color: #ff0000;\">CIJENA S POPUSTOM: 20,00 \u20ac \/ 150,69 kn<\/span><\/strong><\/p>\n","protected":false},"excerpt":{"rendered":"<p>Henning Mankell Naklada: Mozaik knjiga U poku\u0161aju da podigne novce s bankomata, \u010dovjek pada mrtav. Taksist je brutalno ubijen, a dvije tinejd\u017eerice odgovorne za zlo\u010din ne pokazuju nikakvu gri\u017enju savjesti. Jedna od djevojaka uspjela je pobje\u0107i policiji i nestaje bez traga. Nedugo nakon toga, nestanak struje u mraku \u0107e ostaviti pola zemlje. Kada in\u017eenjer stigne&#8230;<\/p>\n","protected":false},"featured_media":988458,"template":"","meta":[],"product_cat":[86],"product_tag":[],"class_list":["post-988457","product","type-product","status-publish","has-post-thumbnail","hentry","product_cat-knjige"],"acf":[],"yoast_head":"<!-- This site is optimized with the Yoast SEO plugin v20.7 - https:\/\/yoast.com\/wordpress\/plugins\/seo\/ -->\n<title>Vatrozid - Panonski festival knjige<\/title>\n<meta name=\"robots\" content=\"index, follow, max-snippet:-1, max-image-preview:large, max-video-preview:-1\" \/>\n<link rel=\"canonical\" href=\"https:\/\/pfk.hr\/2023\/product\/vatrozid\/\" \/>\n<meta property=\"og:locale\" content=\"hr_HR\" \/>\n<meta property=\"og:type\" content=\"article\" \/>\n<meta property=\"og:title\" content=\"Vatrozid - Panonski festival knjige\" \/>\n<meta property=\"og:description\" content=\"Henning Mankell Naklada: Mozaik knjiga U poku\u0161aju da podigne novce s bankomata, \u010dovjek pada mrtav. Taksist je brutalno ubijen, a dvije tinejd\u017eerice odgovorne za zlo\u010din ne pokazuju nikakvu gri\u017enju savjesti. Jedna od djevojaka uspjela je pobje\u0107i policiji i nestaje bez traga. Nedugo nakon toga, nestanak struje u mraku \u0107e ostaviti pola zemlje. Kada in\u017eenjer stigne...\" \/>\n<meta property=\"og:url\" content=\"https:\/\/pfk.hr\/2023\/product\/vatrozid\/\" \/>\n<meta property=\"og:site_name\" content=\"Panonski festival knjige\" \/>\n<meta property=\"article:modified_time\" content=\"2023-05-10T21:43:08+00:00\" \/>\n<meta property=\"og:image\" content=\"https:\/\/pfk.hr\/2023\/wp-content\/uploads\/2023\/05\/6.png\" \/>\n\t<meta property=\"og:image:width\" content=\"500\" \/>\n\t<meta property=\"og:image:height\" content=\"500\" \/>\n\t<meta property=\"og:image:type\" content=\"image\/png\" \/>\n<meta name=\"twitter:card\" content=\"summary_large_image\" \/>\n<meta name=\"twitter:label1\" content=\"Procijenjeno vrijeme \u010ditanja\" \/>\n\t<meta name=\"twitter:data1\" content=\"1 minuta\" \/>\n<script type=\"application\/ld+json\" class=\"yoast-schema-graph\">{\"@context\":\"https:\/\/schema.org\",\"@graph\":[{\"@type\":\"WebPage\",\"@id\":\"https:\/\/pfk.hr\/2023\/product\/vatrozid\/\",\"url\":\"https:\/\/pfk.hr\/2023\/product\/vatrozid\/\",\"name\":\"Vatrozid - Panonski festival knjige\",\"isPartOf\":{\"@id\":\"https:\/\/pfk.hr\/2023\/#website\"},\"datePublished\":\"2023-05-09T19:59:07+00:00\",\"dateModified\":\"2023-05-10T21:43:08+00:00\",\"breadcrumb\":{\"@id\":\"https:\/\/pfk.hr\/2023\/product\/vatrozid\/#breadcrumb\"},\"inLanguage\":\"hr\",\"potentialAction\":[{\"@type\":\"ReadAction\",\"target\":[\"https:\/\/pfk.hr\/2023\/product\/vatrozid\/\"]}]},{\"@type\":\"BreadcrumbList\",\"@id\":\"https:\/\/pfk.hr\/2023\/product\/vatrozid\/#breadcrumb\",\"itemListElement\":[{\"@type\":\"ListItem\",\"position\":1,\"name\":\"Po\u010detna stranica\",\"item\":\"https:\/\/pfk.hr\/2023\/\"},{\"@type\":\"ListItem\",\"position\":2,\"name\":\"Preporuka naslova\",\"item\":\"https:\/\/pfk.hr\/2023\/preporuka-naslova\/\"},{\"@type\":\"ListItem\",\"position\":3,\"name\":\"Vatrozid\"}]},{\"@type\":\"WebSite\",\"@id\":\"https:\/\/pfk.hr\/2023\/#website\",\"url\":\"https:\/\/pfk.hr\/2023\/\",\"name\":\"Panonski festival knjige\",\"description\":\"\u010cITAJ, LEGA, \u010cITAJ!\",\"potentialAction\":[{\"@type\":\"SearchAction\",\"target\":{\"@type\":\"EntryPoint\",\"urlTemplate\":\"https:\/\/pfk.hr\/2023\/?s={search_term_string}\"},\"query-input\":\"required name=search_term_string\"}],\"inLanguage\":\"hr\"}]}<\/script>\n<!-- \/ Yoast SEO plugin. -->","yoast_head_json":{"title":"Vatrozid - Panonski festival knjige","robots":{"index":"index","follow":"follow","max-snippet":"max-snippet:-1","max-image-preview":"max-image-preview:large","max-video-preview":"max-video-preview:-1"},"canonical":"https:\/\/pfk.hr\/2023\/product\/vatrozid\/","og_locale":"hr_HR","og_type":"article","og_title":"Vatrozid - Panonski festival knjige","og_description":"Henning Mankell Naklada: Mozaik knjiga U poku\u0161aju da podigne novce s bankomata, \u010dovjek pada mrtav. Taksist je brutalno ubijen, a dvije tinejd\u017eerice odgovorne za zlo\u010din ne pokazuju nikakvu gri\u017enju savjesti. Jedna od djevojaka uspjela je pobje\u0107i policiji i nestaje bez traga. Nedugo nakon toga, nestanak struje u mraku \u0107e ostaviti pola zemlje. Kada in\u017eenjer stigne...","og_url":"https:\/\/pfk.hr\/2023\/product\/vatrozid\/","og_site_name":"Panonski festival knjige","article_modified_time":"2023-05-10T21:43:08+00:00","og_image":[{"width":500,"height":500,"url":"https:\/\/pfk.hr\/2023\/wp-content\/uploads\/2023\/05\/6.png","type":"image\/png"}],"twitter_card":"summary_large_image","twitter_misc":{"Procijenjeno vrijeme \u010ditanja":"1 minuta"},"schema":{"@context":"https:\/\/schema.org","@graph":[{"@type":"WebPage","@id":"https:\/\/pfk.hr\/2023\/product\/vatrozid\/","url":"https:\/\/pfk.hr\/2023\/product\/vatrozid\/","name":"Vatrozid - Panonski festival knjige","isPartOf":{"@id":"https:\/\/pfk.hr\/2023\/#website"},"datePublished":"2023-05-09T19:59:07+00:00","dateModified":"2023-05-10T21:43:08+00:00","breadcrumb":{"@id":"https:\/\/pfk.hr\/2023\/product\/vatrozid\/#breadcrumb"},"inLanguage":"hr","potentialAction":[{"@type":"ReadAction","target":["https:\/\/pfk.hr\/2023\/product\/vatrozid\/"]}]},{"@type":"BreadcrumbList","@id":"https:\/\/pfk.hr\/2023\/product\/vatrozid\/#breadcrumb","itemListElement":[{"@type":"ListItem","position":1,"name":"Po\u010detna stranica","item":"https:\/\/pfk.hr\/2023\/"},{"@type":"ListItem","position":2,"name":"Preporuka naslova","item":"https:\/\/pfk.hr\/2023\/preporuka-naslova\/"},{"@type":"ListItem","position":3,"name":"Vatrozid"}]},{"@type":"WebSite","@id":"https:\/\/pfk.hr\/2023\/#website","url":"https:\/\/pfk.hr\/2023\/","name":"Panonski festival knjige","description":"\u010cITAJ, LEGA, \u010cITAJ!","potentialAction":[{"@type":"SearchAction","target":{"@type":"EntryPoint","urlTemplate":"https:\/\/pfk.hr\/2023\/?s={search_term_string}"},"query-input":"required name=search_term_string"}],"inLanguage":"hr"}]}},"_links":{"self":[{"href":"https:\/\/pfk.hr\/2023\/wp-json\/wp\/v2\/product\/988457","targetHints":{"allow":["GET"]}}],"collection":[{"href":"https:\/\/pfk.hr\/2023\/wp-json\/wp\/v2\/product"}],"about":[{"href":"https:\/\/pfk.hr\/2023\/wp-json\/wp\/v2\/types\/product"}],"wp:featuredmedia":[{"embeddable":true,"href":"https:\/\/pfk.hr\/2023\/wp-json\/wp\/v2\/media\/988458"}],"wp:attachment":[{"href":"https:\/\/pfk.hr\/2023\/wp-json\/wp\/v2\/media?parent=988457"}],"wp:term":[{"taxonomy":"product_cat","embeddable":true,"href":"https:\/\/pfk.hr\/2023\/wp-json\/wp\/v2\/product_cat?post=988457"},{"taxonomy":"product_tag","embeddable":true,"href":"https:\/\/pfk.hr\/2023\/wp-json\/wp\/v2\/product_tag?post=988457"}],"curies":[{"name":"wp","href":"https:\/\/api.w.org\/{rel}","templated":true}]}}