{"id":988231,"date":"2023-05-05T07:03:30","date_gmt":"2023-05-05T07:03:30","guid":{"rendered":"https:\/\/pfk.hr\/?post_type=product&#038;p=988231"},"modified":"2023-05-09T22:34:18","modified_gmt":"2023-05-09T20:34:18","slug":"panonski-admiral-6","status":"publish","type":"product","link":"https:\/\/pfk.hr\/2023\/product\/panonski-admiral-6\/","title":{"rendered":"Uhvatio sam gnoma"},"content":{"rendered":"<div class=\"hHq9Z\">\n<div data-hveid=\"CAsQAA\">\n<div class=\"gyEfO\">\n<div class=\"wDYxhc NFQFxe viOShc LKPcQc\" data-md=\"221\" data-hveid=\"CAkQAA\" data-ved=\"2ahUKEwjJ7dyf2-P-AhX5wQIHHf6aC2MQnKEBegQICRAA\">\n<div class=\"ZxoDOe yGdMVd\">\n<div class=\"UFE1qd\">\n<div class=\"EGmpye\">\n<p class=\"wx62f PZPZlf x7XAkb\" data-attrid=\"subtitle\"><strong>Alberto Lot<\/strong><\/p>\n<div class=\"oQDTXb\">\n<div data-ias=\"false\">\n<div class=\"IpDT1d\">\n<div class=\"CcNe6e v4Zpbe\" tabindex=\"0\" role=\"button\" aria-expanded=\"false\" aria-haspopup=\"true\">Naklada: Ibis grafika<\/div>\n<\/div>\n<\/div>\n<\/div>\n<\/div>\n<\/div>\n<\/div>\n<\/div>\n<\/div>\n<\/div>\n<\/div>\n<div class=\"GRl5yb a8pxAe\">\n<div class=\"FJIcp\" role=\"tablist\" data-hveid=\"CA0QAA\">Tema: dje\u010dja knjiga<\/div>\n<\/div>\n<hr \/>\n<p style=\"text-align: left;\">Prva \u0161tiva za budu\u0107e velike \u010ditatelje<\/p>\n<p>Gnomovi su dra\u017eesni: simpati\u010dni i dragi, uvijek spremni pomo\u0107i i pru\u017eiti korisne savjete, ali ovdje to nije slu\u010daj.<br \/>\nNemojte ni poku\u0161avati uhvatiti ovog gnoma: \u010dekaju vas samo nevolje, katastrofe, podvale.<\/p>\n<p style=\"text-align: left;\">Oprezno otvarajte knjigu!<\/p>\n","protected":false},"excerpt":{"rendered":"<p>Alberto Lot Naklada: Ibis grafika Tema: dje\u010dja knjiga Prva \u0161tiva za budu\u0107e velike \u010ditatelje Gnomovi su dra\u017eesni: simpati\u010dni i dragi, uvijek spremni pomo\u0107i i pru\u017eiti korisne savjete, ali ovdje to nije slu\u010daj. Nemojte ni poku\u0161avati uhvatiti ovog gnoma: \u010dekaju vas samo nevolje, katastrofe, podvale. Oprezno otvarajte knjigu!<\/p>\n","protected":false},"featured_media":988444,"template":"","meta":[],"product_cat":[86],"product_tag":[],"class_list":["post-988231","product","type-product","status-publish","has-post-thumbnail","hentry","product_cat-knjige"],"acf":[],"yoast_head":"<!-- This site is optimized with the Yoast SEO plugin v20.7 - https:\/\/yoast.com\/wordpress\/plugins\/seo\/ -->\n<title>Uhvatio sam gnoma - Panonski festival knjige<\/title>\n<meta name=\"robots\" content=\"index, follow, max-snippet:-1, max-image-preview:large, max-video-preview:-1\" \/>\n<link rel=\"canonical\" href=\"https:\/\/pfk.hr\/2023\/product\/panonski-admiral-6\/\" \/>\n<meta property=\"og:locale\" content=\"hr_HR\" \/>\n<meta property=\"og:type\" content=\"article\" \/>\n<meta property=\"og:title\" content=\"Uhvatio sam gnoma - Panonski festival knjige\" \/>\n<meta property=\"og:description\" content=\"Alberto Lot Naklada: Ibis grafika Tema: dje\u010dja knjiga Prva \u0161tiva za budu\u0107e velike \u010ditatelje Gnomovi su dra\u017eesni: simpati\u010dni i dragi, uvijek spremni pomo\u0107i i pru\u017eiti korisne savjete, ali ovdje to nije slu\u010daj. Nemojte ni poku\u0161avati uhvatiti ovog gnoma: \u010dekaju vas samo nevolje, katastrofe, podvale. Oprezno otvarajte knjigu!\" \/>\n<meta property=\"og:url\" content=\"https:\/\/pfk.hr\/2023\/product\/panonski-admiral-6\/\" \/>\n<meta property=\"og:site_name\" content=\"Panonski festival knjige\" \/>\n<meta property=\"article:modified_time\" content=\"2023-05-09T20:34:18+00:00\" \/>\n<meta property=\"og:image\" content=\"https:\/\/pfk.hr\/2023\/wp-content\/uploads\/2023\/05\/1.png\" \/>\n\t<meta property=\"og:image:width\" content=\"500\" \/>\n\t<meta property=\"og:image:height\" content=\"500\" \/>\n\t<meta property=\"og:image:type\" content=\"image\/png\" \/>\n<meta name=\"twitter:card\" content=\"summary_large_image\" \/>\n<script type=\"application\/ld+json\" class=\"yoast-schema-graph\">{\"@context\":\"https:\/\/schema.org\",\"@graph\":[{\"@type\":\"WebPage\",\"@id\":\"https:\/\/pfk.hr\/2023\/product\/panonski-admiral-6\/\",\"url\":\"https:\/\/pfk.hr\/2023\/product\/panonski-admiral-6\/\",\"name\":\"Uhvatio sam gnoma - Panonski festival knjige\",\"isPartOf\":{\"@id\":\"https:\/\/pfk.hr\/2023\/#website\"},\"datePublished\":\"2023-05-05T07:03:30+00:00\",\"dateModified\":\"2023-05-09T20:34:18+00:00\",\"breadcrumb\":{\"@id\":\"https:\/\/pfk.hr\/2023\/product\/panonski-admiral-6\/#breadcrumb\"},\"inLanguage\":\"hr\",\"potentialAction\":[{\"@type\":\"ReadAction\",\"target\":[\"https:\/\/pfk.hr\/2023\/product\/panonski-admiral-6\/\"]}]},{\"@type\":\"BreadcrumbList\",\"@id\":\"https:\/\/pfk.hr\/2023\/product\/panonski-admiral-6\/#breadcrumb\",\"itemListElement\":[{\"@type\":\"ListItem\",\"position\":1,\"name\":\"Po\u010detna stranica\",\"item\":\"https:\/\/pfk.hr\/2023\/\"},{\"@type\":\"ListItem\",\"position\":2,\"name\":\"Preporuka naslova\",\"item\":\"https:\/\/pfk.hr\/2023\/preporuka-naslova\/\"},{\"@type\":\"ListItem\",\"position\":3,\"name\":\"Uhvatio sam gnoma\"}]},{\"@type\":\"WebSite\",\"@id\":\"https:\/\/pfk.hr\/2023\/#website\",\"url\":\"https:\/\/pfk.hr\/2023\/\",\"name\":\"Panonski festival knjige\",\"description\":\"\u010cITAJ, LEGA, \u010cITAJ!\",\"potentialAction\":[{\"@type\":\"SearchAction\",\"target\":{\"@type\":\"EntryPoint\",\"urlTemplate\":\"https:\/\/pfk.hr\/2023\/?s={search_term_string}\"},\"query-input\":\"required name=search_term_string\"}],\"inLanguage\":\"hr\"}]}<\/script>\n<!-- \/ Yoast SEO plugin. -->","yoast_head_json":{"title":"Uhvatio sam gnoma - Panonski festival knjige","robots":{"index":"index","follow":"follow","max-snippet":"max-snippet:-1","max-image-preview":"max-image-preview:large","max-video-preview":"max-video-preview:-1"},"canonical":"https:\/\/pfk.hr\/2023\/product\/panonski-admiral-6\/","og_locale":"hr_HR","og_type":"article","og_title":"Uhvatio sam gnoma - Panonski festival knjige","og_description":"Alberto Lot Naklada: Ibis grafika Tema: dje\u010dja knjiga Prva \u0161tiva za budu\u0107e velike \u010ditatelje Gnomovi su dra\u017eesni: simpati\u010dni i dragi, uvijek spremni pomo\u0107i i pru\u017eiti korisne savjete, ali ovdje to nije slu\u010daj. Nemojte ni poku\u0161avati uhvatiti ovog gnoma: \u010dekaju vas samo nevolje, katastrofe, podvale. Oprezno otvarajte knjigu!","og_url":"https:\/\/pfk.hr\/2023\/product\/panonski-admiral-6\/","og_site_name":"Panonski festival knjige","article_modified_time":"2023-05-09T20:34:18+00:00","og_image":[{"width":500,"height":500,"url":"https:\/\/pfk.hr\/2023\/wp-content\/uploads\/2023\/05\/1.png","type":"image\/png"}],"twitter_card":"summary_large_image","schema":{"@context":"https:\/\/schema.org","@graph":[{"@type":"WebPage","@id":"https:\/\/pfk.hr\/2023\/product\/panonski-admiral-6\/","url":"https:\/\/pfk.hr\/2023\/product\/panonski-admiral-6\/","name":"Uhvatio sam gnoma - Panonski festival knjige","isPartOf":{"@id":"https:\/\/pfk.hr\/2023\/#website"},"datePublished":"2023-05-05T07:03:30+00:00","dateModified":"2023-05-09T20:34:18+00:00","breadcrumb":{"@id":"https:\/\/pfk.hr\/2023\/product\/panonski-admiral-6\/#breadcrumb"},"inLanguage":"hr","potentialAction":[{"@type":"ReadAction","target":["https:\/\/pfk.hr\/2023\/product\/panonski-admiral-6\/"]}]},{"@type":"BreadcrumbList","@id":"https:\/\/pfk.hr\/2023\/product\/panonski-admiral-6\/#breadcrumb","itemListElement":[{"@type":"ListItem","position":1,"name":"Po\u010detna stranica","item":"https:\/\/pfk.hr\/2023\/"},{"@type":"ListItem","position":2,"name":"Preporuka naslova","item":"https:\/\/pfk.hr\/2023\/preporuka-naslova\/"},{"@type":"ListItem","position":3,"name":"Uhvatio sam gnoma"}]},{"@type":"WebSite","@id":"https:\/\/pfk.hr\/2023\/#website","url":"https:\/\/pfk.hr\/2023\/","name":"Panonski festival knjige","description":"\u010cITAJ, LEGA, \u010cITAJ!","potentialAction":[{"@type":"SearchAction","target":{"@type":"EntryPoint","urlTemplate":"https:\/\/pfk.hr\/2023\/?s={search_term_string}"},"query-input":"required name=search_term_string"}],"inLanguage":"hr"}]}},"_links":{"self":[{"href":"https:\/\/pfk.hr\/2023\/wp-json\/wp\/v2\/product\/988231","targetHints":{"allow":["GET"]}}],"collection":[{"href":"https:\/\/pfk.hr\/2023\/wp-json\/wp\/v2\/product"}],"about":[{"href":"https:\/\/pfk.hr\/2023\/wp-json\/wp\/v2\/types\/product"}],"wp:featuredmedia":[{"embeddable":true,"href":"https:\/\/pfk.hr\/2023\/wp-json\/wp\/v2\/media\/988444"}],"wp:attachment":[{"href":"https:\/\/pfk.hr\/2023\/wp-json\/wp\/v2\/media?parent=988231"}],"wp:term":[{"taxonomy":"product_cat","embeddable":true,"href":"https:\/\/pfk.hr\/2023\/wp-json\/wp\/v2\/product_cat?post=988231"},{"taxonomy":"product_tag","embeddable":true,"href":"https:\/\/pfk.hr\/2023\/wp-json\/wp\/v2\/product_tag?post=988231"}],"curies":[{"name":"wp","href":"https:\/\/api.w.org\/{rel}","templated":true}]}}